CRAN Package Check Results for Package covidsymptom

Last updated on 2025-05-07 03:50:57 CEST.

Flavor Version Tinstall Tcheck Ttotal Status Flags
r-devel-linux-x86_64-debian-clang 1.0.0 20.75 25.66 46.41 OK
r-devel-linux-x86_64-debian-gcc 1.0.0 13.11 20.66 33.77 OK
r-devel-linux-x86_64-fedora-clang 1.0.0 73.93 NOTE
r-devel-linux-x86_64-fedora-gcc 1.0.0 88.14 NOTE
r-devel-windows-x86_64 1.0.0 22.00 48.00 70.00 OK
r-patched-linux-x86_64 1.0.0 20.49 23.74 44.23 OK
r-release-linux-x86_64 1.0.0 22.71 23.68 46.39 OK
r-release-macos-arm64 1.0.0 45.00 OK
r-release-macos-x86_64 1.0.0 75.00 OK
r-release-windows-x86_64 1.0.0 22.00 49.00 71.00 OK
r-oldrel-macos-arm64 1.0.0 39.00 NOTE
r-oldrel-macos-x86_64 1.0.0 55.00 NOTE
r-oldrel-windows-x86_64 1.0.0 29.00 59.00 88.00 NOTE

Check Details

Version: 1.0.0
Check: dependencies in R code
Result: NOTE Namespace in Imports field not imported from: ‘usethis’ All declared Imports should be used. Flavors: r-devel-linux-x86_64-fedora-clang, r-devel-linux-x86_64-fedora-gcc

Version: 1.0.0
Check: installed package size
Result: NOTE installed size is 5.9Mb sub-directories of 1Mb or more: help 4.7Mb Flavors: r-oldrel-macos-arm64, r-oldrel-macos-x86_64, r-oldrel-windows-x86_64