Last updated on 2025-05-07 03:50:57 CEST.
Flavor | Version | Tinstall | Tcheck | Ttotal | Status | Flags |
---|---|---|---|---|---|---|
r-devel-linux-x86_64-debian-clang | 0.2.0 | 1.74 | 19.50 | 21.24 | NOTE | |
r-devel-linux-x86_64-debian-gcc | 0.2.0 | 1.37 | 16.24 | 17.61 | NOTE | |
r-devel-linux-x86_64-fedora-clang | 0.2.0 | 31.29 | OK | |||
r-devel-linux-x86_64-fedora-gcc | 0.2.0 | 30.20 | OK | |||
r-devel-windows-x86_64 | 0.2.0 | 3.00 | 41.00 | 44.00 | OK | |
r-patched-linux-x86_64 | 0.2.0 | 1.47 | 17.82 | 19.29 | OK | |
r-release-linux-x86_64 | 0.2.0 | 1.54 | 17.92 | 19.46 | OK | |
r-release-macos-arm64 | 0.2.0 | 17.00 | OK | |||
r-release-macos-x86_64 | 0.2.0 | 35.00 | OK | |||
r-release-windows-x86_64 | 0.2.0 | 3.00 | 40.00 | 43.00 | OK | |
r-oldrel-macos-arm64 | 0.2.0 | 15.00 | OK | |||
r-oldrel-macos-x86_64 | 0.2.0 | 25.00 | OK | |||
r-oldrel-windows-x86_64 | 0.2.0 | 4.00 | 44.00 | 48.00 | OK |
Version: 0.2.0
Check: CRAN incoming feasibility
Result: NOTE
Maintainer: ‘Jacob Anhøj <jacob@anhoej.net>’
No Authors@R field in DESCRIPTION.
Please add one, modifying
Authors@R: c(person(given = "Jacob",
family = "Anhoej",
role = "aut"),
person(given = "Jacob",
family = "Anhøj",
role = "cre",
email = "jacob@anhoej.net"))
as necessary.
Flavors: r-devel-linux-x86_64-debian-clang, r-devel-linux-x86_64-debian-gcc