Last updated on 2025-05-06 03:50:59 CEST.
Flavor | Version | Tinstall | Tcheck | Ttotal | Status | Flags |
---|---|---|---|---|---|---|
r-devel-linux-x86_64-debian-clang | 1.0.0 | 6.73 | 54.27 | 61.00 | NOTE | |
r-devel-linux-x86_64-debian-gcc | 1.0.0 | 5.29 | 39.48 | 44.77 | NOTE | |
r-devel-linux-x86_64-fedora-clang | 1.0.0 | 92.90 | NOTE | |||
r-devel-linux-x86_64-fedora-gcc | 1.0.0 | 90.05 | NOTE | |||
r-devel-windows-x86_64 | 1.0.0 | 8.00 | 68.00 | 76.00 | NOTE | |
r-patched-linux-x86_64 | 1.0.0 | 6.59 | 52.65 | 59.24 | NOTE | |
r-release-linux-x86_64 | 1.0.0 | 5.61 | 51.21 | 56.82 | NOTE | |
r-release-macos-arm64 | 1.0.0 | 29.00 | NOTE | |||
r-release-macos-x86_64 | 1.0.0 | 54.00 | NOTE | |||
r-release-windows-x86_64 | 1.0.0 | 8.00 | 67.00 | 75.00 | NOTE | |
r-oldrel-macos-arm64 | 1.0.0 | 27.00 | NOTE | |||
r-oldrel-macos-x86_64 | 1.0.0 | 47.00 | NOTE | |||
r-oldrel-windows-x86_64 | 1.0.0 | 10.00 | 78.00 | 88.00 | NOTE |
Version: 1.0.0
Check: CRAN incoming feasibility
Result: NOTE
Maintainer: ‘Ashley Petersen <ashleyjpete@gmail.com>’
No Authors@R field in DESCRIPTION.
Please add one, modifying
Authors@R: person(given = "Ashley",
family = "Petersen",
role = c("aut", "cre"),
email = "ashleyjpete@gmail.com")
as necessary.
Flavors: r-devel-linux-x86_64-debian-clang, r-devel-linux-x86_64-debian-gcc
Version: 1.0.0
Check: Rd files
Result: NOTE
checkRd: (-1) crisp.Rd:40: Lost braces; missing escapes or markup?
40 | \item{double.run}{The initial complete run of our ADMM algorithm will yield sparsity in z_{1i} and z_{2i}, but not
| ^
checkRd: (-1) crisp.Rd:40: Lost braces; missing escapes or markup?
40 | \item{double.run}{The initial complete run of our ADMM algorithm will yield sparsity in z_{1i} and z_{2i}, but not
| ^
checkRd: (-1) crisp.Rd:48: Lost braces in \itemize; \value handles \item{}{} directly
checkRd: (-1) crisp.Rd:49: Lost braces in \itemize; \value handles \item{}{} directly
checkRd: (-1) crisp.Rd:50: Lost braces in \itemize; \value handles \item{}{} directly
checkRd: (-1) crisp.Rd:51: Lost braces in \itemize; \value handles \item{}{} directly
checkRd: (-1) crispCV.Rd:49: Lost braces; missing escapes or markup?
49 | \item{double.run}{The initial complete run of our ADMM algorithm will yield sparsity in z_{1i} and z_{2i}, but not
| ^
checkRd: (-1) crispCV.Rd:49: Lost braces; missing escapes or markup?
49 | \item{double.run}{The initial complete run of our ADMM algorithm will yield sparsity in z_{1i} and z_{2i}, but not
| ^
checkRd: (-1) crispCV.Rd:57: Lost braces in \itemize; \value handles \item{}{} directly
checkRd: (-1) crispCV.Rd:58: Lost braces in \itemize; \value handles \item{}{} directly
checkRd: (-1) crispCV.Rd:59: Lost braces in \itemize; \value handles \item{}{} directly
checkRd: (-1) crispCV.Rd:60: Lost braces in \itemize; \value handles \item{}{} directly
checkRd: (-1) crispCV.Rd:61: Lost braces in \itemize; \value handles \item{}{} directly
checkRd: (-1) crispCV.Rd:62: Lost braces in \itemize; \value handles \item{}{} directly
checkRd: (-1) sim.data.Rd:21: Lost braces in \itemize; \value handles \item{}{} directly
checkRd: (-1) sim.data.Rd:22: Lost braces in \itemize; \value handles \item{}{} directly
checkRd: (-1) sim.data.Rd:23: Lost braces in \itemize; \value handles \item{}{} directly
Flavors: r-devel-linux-x86_64-debian-clang, r-devel-linux-x86_64-debian-gcc, r-devel-linux-x86_64-fedora-clang, r-devel-linux-x86_64-fedora-gcc, r-devel-windows-x86_64, r-patched-linux-x86_64, r-release-linux-x86_64, r-release-macos-arm64, r-release-macos-x86_64, r-release-windows-x86_64, r-oldrel-macos-arm64, r-oldrel-macos-x86_64, r-oldrel-windows-x86_64
Version: 1.0.0
Check: LazyData
Result: NOTE
'LazyData' is specified without a 'data' directory
Flavors: r-oldrel-macos-arm64, r-oldrel-macos-x86_64, r-oldrel-windows-x86_64