Last updated on 2025-05-06 03:50:59 CEST.
Flavor | Version | Tinstall | Tcheck | Ttotal | Status | Flags |
---|---|---|---|---|---|---|
r-devel-linux-x86_64-debian-clang | 1.0.5 | 13.14 | 154.99 | 168.13 | NOTE | |
r-devel-linux-x86_64-debian-gcc | 1.0.5 | 9.22 | 105.17 | 114.39 | NOTE | |
r-devel-linux-x86_64-fedora-clang | 1.0.5 | 286.22 | OK | |||
r-devel-linux-x86_64-fedora-gcc | 1.0.5 | 277.84 | OK | |||
r-devel-windows-x86_64 | 1.0.5 | 18.00 | 179.00 | 197.00 | OK | |
r-patched-linux-x86_64 | 1.0.5 | 12.26 | 153.46 | 165.72 | OK | |
r-release-linux-x86_64 | 1.0.5 | 12.98 | 153.41 | 166.39 | OK | |
r-release-macos-arm64 | 1.0.5 | 124.00 | OK | |||
r-release-macos-x86_64 | 1.0.5 | 205.00 | OK | |||
r-release-windows-x86_64 | 1.0.5 | 21.00 | 138.00 | 159.00 | ERROR | |
r-oldrel-macos-arm64 | 1.0.5 | 122.00 | NOTE | |||
r-oldrel-macos-x86_64 | 1.0.5 | 164.00 | NOTE | |||
r-oldrel-windows-x86_64 | 1.0.5 | 25.00 | 185.00 | 210.00 | ERROR |
Version: 1.0.5
Check: DESCRIPTION meta-information
Result: NOTE
Author field differs from that derived from Authors@R
Author: ‘Davis Weaver [aut, cre] (0000-0003-3086-497X)’
Authors@R: ‘Davis Weaver [aut, cre] (orcid: 0000-0003-3086-497X)’
Flavors: r-devel-linux-x86_64-debian-clang, r-devel-linux-x86_64-debian-gcc
Version: 1.0.5
Check: re-building of vignette outputs
Result: ERROR
Error(s) in re-building vignettes:
--- re-building 'crosstalkr_vignette.Rmd' using rmarkdown
Quitting from crosstalkr_vignette.Rmd:46-63 [load_more_data]
~~~~~~~~~~~~~~~~~~~~~~~~~~~~~~~~~~~~~~~~~~~~~~~~~~~~~~~~~~~~~~~~~~~~~~~~~~~~~~~~
<error/rlang_error>
Error in `load()`:
! cannot open the connection to 'https://github.com/DavisWeaver/disruptr/blob/main/inst/test_data/stringdb.Rda?raw=true'
---
Backtrace:
▆
1. └─base::load(url("https://github.com/DavisWeaver/disruptr/blob/main/inst/test_data/stringdb.Rda?raw=true"))
~~~~~~~~~~~~~~~~~~~~~~~~~~~~~~~~~~~~~~~~~~~~~~~~~~~~~~~~~~~~~~~~~~~~~~~~~~~~~~~~
Error: processing vignette 'crosstalkr_vignette.Rmd' failed with diagnostics:
cannot open the connection to 'https://github.com/DavisWeaver/disruptr/blob/main/inst/test_data/stringdb.Rda?raw=true'
--- failed re-building 'crosstalkr_vignette.Rmd'
SUMMARY: processing the following file failed:
'crosstalkr_vignette.Rmd'
Error: Vignette re-building failed.
Execution halted
Flavors: r-release-windows-x86_64, r-oldrel-windows-x86_64
Version: 1.0.5
Check: package dependencies
Result: NOTE
Package suggested but not available for checking: ‘EnsDb.Hsapiens.v86’
Flavors: r-oldrel-macos-arm64, r-oldrel-macos-x86_64