Last updated on 2025-05-06 03:50:59 CEST.
Flavor | Version | Tinstall | Tcheck | Ttotal | Status | Flags |
---|---|---|---|---|---|---|
r-devel-linux-x86_64-debian-clang | 0.2.3 | 11.03 | 96.58 | 107.61 | NOTE | |
r-devel-linux-x86_64-debian-gcc | 0.2.3 | 7.33 | 72.47 | 79.80 | NOTE | |
r-devel-linux-x86_64-fedora-clang | 0.2.3 | 158.20 | OK | |||
r-devel-linux-x86_64-fedora-gcc | 0.2.3 | 167.95 | OK | |||
r-devel-windows-x86_64 | 0.2.3 | 10.00 | 104.00 | 114.00 | NOTE | |
r-patched-linux-x86_64 | 0.2.3 | 8.65 | 88.12 | 96.77 | NOTE | |
r-release-linux-x86_64 | 0.2.3 | 11.64 | 88.32 | 99.96 | NOTE | |
r-release-macos-arm64 | 0.2.3 | 56.00 | OK | |||
r-release-macos-x86_64 | 0.2.3 | 104.00 | OK | |||
r-release-windows-x86_64 | 0.2.3 | 12.00 | 103.00 | 115.00 | NOTE | |
r-oldrel-macos-arm64 | 0.2.3 | 53.00 | OK | |||
r-oldrel-macos-x86_64 | 0.2.3 | 75.00 | OK | |||
r-oldrel-windows-x86_64 | 0.2.3 | 15.00 | 124.00 | 139.00 | OK |
Version: 0.2.3
Check: Rd cross-references
Result: NOTE
Found the following Rd file(s) with Rd \link{} targets missing package
anchors:
crsra_anonymize.Rd: digest
Please provide package anchors for all Rd \link{} targets not in the
package itself and the base packages.
Flavors: r-devel-linux-x86_64-debian-clang, r-devel-linux-x86_64-debian-gcc, r-devel-windows-x86_64, r-patched-linux-x86_64, r-release-linux-x86_64, r-release-windows-x86_64