CRAN Package Check Results for Package crumble

Last updated on 2025-07-04 03:50:22 CEST.

Flavor Version Tinstall Tcheck Ttotal Status Flags
r-devel-linux-x86_64-debian-clang 0.1.2 4.99 45.08 50.07 ERROR
r-devel-linux-x86_64-debian-gcc 0.1.2 3.23 33.55 36.78 ERROR
r-devel-linux-x86_64-fedora-clang 0.1.2 82.39 NOTE
r-devel-linux-x86_64-fedora-gcc 0.1.2 78.18 NOTE
r-devel-windows-x86_64 0.1.2 7.00 61.00 68.00 NOTE
r-patched-linux-x86_64 0.1.2 4.86 40.78 45.64 ERROR
r-release-linux-x86_64 0.1.2 4.46 40.88 45.34 ERROR
r-release-macos-arm64 0.1.2 29.00 NOTE
r-release-macos-x86_64 0.1.2 46.00 NOTE
r-release-windows-x86_64 0.1.2 7.00 64.00 71.00 NOTE
r-oldrel-macos-arm64 0.1.2 26.00 OK
r-oldrel-macos-x86_64 0.1.2 44.00 OK
r-oldrel-windows-x86_64 0.1.2 9.00 79.00 88.00 OK

Check Details

Version: 0.1.2
Check: DESCRIPTION meta-information
Result: NOTE Missing dependency on R >= 4.2.0 because package code uses the pipe placeholder syntax added in R 4.2.0. File(s) using such syntax: ‘helpers.R’ Flavors: r-devel-linux-x86_64-debian-clang, r-devel-linux-x86_64-debian-gcc, r-devel-linux-x86_64-fedora-clang, r-devel-linux-x86_64-fedora-gcc, r-devel-windows-x86_64, r-patched-linux-x86_64, r-release-linux-x86_64, r-release-macos-arm64, r-release-macos-x86_64, r-release-windows-x86_64

Version: 0.1.2
Check: examples
Result: ERROR Running examples in ‘crumble-Ex.R’ failed The error most likely occurred in: > base::assign(".ptime", proc.time(), pos = "CheckExEnv") > ### Name: crumble_control > ### Title: Crumble control parameters > ### Aliases: crumble_control > > ### ** Examples > > if (torch::torch_is_installed()) crumble_control(crossfit_folds = 5) Error: .onLoad failed in loadNamespace() for 'torch', details: call: inst_path() error: torch cannot write into '/home/hornik/tmp/R.check/r-devel-clang/Work/build/Packages/torch/'. Execution halted Flavor: r-devel-linux-x86_64-debian-clang

Version: 0.1.2
Check: examples
Result: ERROR Running examples in ‘crumble-Ex.R’ failed The error most likely occurred in: > base::assign(".ptime", proc.time(), pos = "CheckExEnv") > ### Name: crumble_control > ### Title: Crumble control parameters > ### Aliases: crumble_control > > ### ** Examples > > if (torch::torch_is_installed()) crumble_control(crossfit_folds = 5) Error: .onLoad failed in loadNamespace() for 'torch', details: call: inst_path() error: torch cannot write into '/home/hornik/tmp/R.check/r-devel-gcc/Work/build/Packages/torch/'. Execution halted Flavor: r-devel-linux-x86_64-debian-gcc

Version: 0.1.2
Check: examples
Result: ERROR Running examples in ‘crumble-Ex.R’ failed The error most likely occurred in: > base::assign(".ptime", proc.time(), pos = "CheckExEnv") > ### Name: crumble_control > ### Title: Crumble control parameters > ### Aliases: crumble_control > > ### ** Examples > > if (torch::torch_is_installed()) crumble_control(crossfit_folds = 5) Error: .onLoad failed in loadNamespace() for 'torch', details: call: inst_path() error: torch cannot write into '/home/hornik/tmp/R.check/r-patched-gcc/Work/build/Packages/torch/'. Execution halted Flavor: r-patched-linux-x86_64

Version: 0.1.2
Check: examples
Result: ERROR Running examples in ‘crumble-Ex.R’ failed The error most likely occurred in: > base::assign(".ptime", proc.time(), pos = "CheckExEnv") > ### Name: crumble_control > ### Title: Crumble control parameters > ### Aliases: crumble_control > > ### ** Examples > > if (torch::torch_is_installed()) crumble_control(crossfit_folds = 5) Error: .onLoad failed in loadNamespace() for 'torch', details: call: inst_path() error: torch cannot write into '/home/hornik/tmp/R.check/r-release-gcc/Work/build/Packages/torch/'. Execution halted Flavor: r-release-linux-x86_64