Last updated on 2025-05-04 03:50:50 CEST.
Flavor | Version | Tinstall | Tcheck | Ttotal | Status | Flags |
---|---|---|---|---|---|---|
r-devel-linux-x86_64-debian-clang | 0.1.0 | 1.66 | 27.66 | 29.32 | NOTE | |
r-devel-linux-x86_64-debian-gcc | 0.1.0 | 1.64 | 20.15 | 21.79 | NOTE | |
r-devel-linux-x86_64-fedora-clang | 0.1.0 | 44.76 | OK | |||
r-devel-linux-x86_64-fedora-gcc | 0.1.0 | 42.78 | OK | |||
r-devel-windows-x86_64 | 0.1.0 | 3.00 | 54.00 | 57.00 | OK | |
r-patched-linux-x86_64 | 0.1.0 | 2.21 | 25.69 | 27.90 | OK | |
r-release-linux-x86_64 | OK | |||||
r-release-macos-arm64 | 0.1.0 | 20.00 | OK | |||
r-release-macos-x86_64 | 0.1.0 | 32.00 | OK | |||
r-release-windows-x86_64 | 0.1.0 | 3.00 | 50.00 | 53.00 | OK | |
r-oldrel-macos-arm64 | 0.1.0 | 18.00 | OK | |||
r-oldrel-macos-x86_64 | 0.1.0 | 25.00 | OK | |||
r-oldrel-windows-x86_64 | 0.1.0 | 3.00 | 52.00 | 55.00 | OK |
Version: 0.1.0
Check: CRAN incoming feasibility
Result: NOTE
Maintainer: ‘Claudio Pozo Valenzuela <claudiopozova@gmail.com>’
No Authors@R field in DESCRIPTION.
Please add one, modifying
Authors@R: c(person(given = c("Claudio", "Pozo"),
family = "Valenzuela",
role = c("aut", "cre"),
email = "claudiopozova@gmail.com"),
person(given = "Saddys",
family = "Rodriguez-Llamazares",
role = "aut"))
as necessary.
Flavors: r-devel-linux-x86_64-debian-clang, r-devel-linux-x86_64-debian-gcc