Last updated on 2025-05-06 03:51:00 CEST.
Flavor | Version | Tinstall | Tcheck | Ttotal | Status | Flags |
---|---|---|---|---|---|---|
r-devel-linux-x86_64-debian-clang | 1.0.3 | 17.10 | 468.78 | 485.88 | NOTE | |
r-devel-linux-x86_64-debian-gcc | 1.0.3 | 11.82 | 310.14 | 321.96 | NOTE | |
r-devel-linux-x86_64-fedora-clang | 1.0.3 | 778.99 | OK | |||
r-devel-linux-x86_64-fedora-gcc | 1.0.3 | 710.82 | OK | |||
r-devel-windows-x86_64 | 1.0.3 | 18.00 | 365.00 | 383.00 | OK | |
r-patched-linux-x86_64 | 1.0.3 | 16.07 | 432.82 | 448.89 | OK | |
r-release-linux-x86_64 | 1.0.3 | 14.91 | 431.97 | 446.88 | OK | |
r-release-macos-arm64 | 1.0.3 | 175.00 | OK | |||
r-release-macos-x86_64 | 1.0.3 | 366.00 | OK | |||
r-release-windows-x86_64 | 1.0.3 | 20.00 | 369.00 | 389.00 | OK | |
r-oldrel-macos-arm64 | 1.0.3 | 148.00 | NOTE | |||
r-oldrel-macos-x86_64 | 1.0.3 | 244.00 | NOTE | |||
r-oldrel-windows-x86_64 | 1.0.3 | 25.00 | 499.00 | 524.00 | NOTE |
Version: 1.0.3
Check: CRAN incoming feasibility
Result: NOTE
Maintainer: ‘Aixiang Jiang <aijiang@bccrc.ca>’
No Authors@R field in DESCRIPTION.
Please add one, modifying
Authors@R: person(given = "Aixiang",
family = "Jiang",
role = c("aut", "cre", "cph"),
email = "aijiang@bccrc.ca",
comment = c(ORCID = "0000-0002-6153-7595"))
as necessary.
The Description field contains
<arXiv:1603.02754>, - Aoki et al. (2023) <doi:10.1200/JCO.23.01115>.
Please refer to arXiv e-prints via their arXiv DOI <doi:10.48550/arXiv.YYMM.NNNNN>.
Flavors: r-devel-linux-x86_64-debian-clang, r-devel-linux-x86_64-debian-gcc
Version: 1.0.3
Check: installed package size
Result: NOTE
installed size is 8.1Mb
sub-directories of 1Mb or more:
doc 7.9Mb
Flavors: r-oldrel-macos-arm64, r-oldrel-macos-x86_64, r-oldrel-windows-x86_64