Last updated on 2025-05-04 03:50:50 CEST.
Flavor | Version | Tinstall | Tcheck | Ttotal | Status | Flags |
---|---|---|---|---|---|---|
r-devel-linux-x86_64-debian-clang | 2.1 | 11.08 | 87.72 | 98.80 | NOTE | |
r-devel-linux-x86_64-debian-gcc | 2.1 | 7.86 | 66.09 | 73.95 | NOTE | |
r-devel-linux-x86_64-fedora-clang | 2.1 | 139.72 | OK | |||
r-devel-linux-x86_64-fedora-gcc | 2.1 | 146.17 | OK | |||
r-devel-windows-x86_64 | 2.1 | 12.00 | 99.00 | 111.00 | NOTE | |
r-patched-linux-x86_64 | 2.1 | 11.84 | 83.62 | 95.46 | NOTE | |
r-release-linux-x86_64 | NOTE | |||||
r-release-macos-arm64 | 2.1 | 42.00 | OK | |||
r-release-macos-x86_64 | 2.1 | 85.00 | OK | |||
r-release-windows-x86_64 | 2.1 | 12.00 | 97.00 | 109.00 | NOTE | |
r-oldrel-macos-arm64 | 2.1 | 40.00 | OK | |||
r-oldrel-macos-x86_64 | 2.1 | 62.00 | OK | |||
r-oldrel-windows-x86_64 | 2.1 | 16.00 | 120.00 | 136.00 | OK |
Version: 2.1
Check: CRAN incoming feasibility
Result: NOTE
Maintainer: ‘Paolo Frumento <paolo.frumento@unipi.it>’
No Authors@R field in DESCRIPTION.
Please add one, modifying
Authors@R: person(given = "Paolo",
family = "Frumento",
role = c("aut", "cre"),
email = "paolo.frumento@unipi.it")
as necessary.
Flavors: r-devel-linux-x86_64-debian-clang, r-devel-linux-x86_64-debian-gcc
Version: 2.1
Check: Rd cross-references
Result: NOTE
Found the following Rd file(s) with Rd \link{} targets missing package
anchors:
ctqr-package.Rd: pchreg
ctqr.Rd: Surv, pchreg
Please provide package anchors for all Rd \link{} targets not in the
package itself and the base packages.
Flavors: r-devel-linux-x86_64-debian-clang, r-devel-linux-x86_64-debian-gcc, r-devel-windows-x86_64, r-patched-linux-x86_64, r-release-linux-x86_64, r-release-windows-x86_64