Last updated on 2025-05-07 03:50:57 CEST.
Flavor | Version | Tinstall | Tcheck | Ttotal | Status | Flags |
---|---|---|---|---|---|---|
r-devel-linux-x86_64-debian-clang | 0.3.0 | 6.90 | 81.91 | 88.81 | NOTE | |
r-devel-linux-x86_64-debian-gcc | 0.3.0 | 5.43 | 61.72 | 67.15 | NOTE | |
r-devel-linux-x86_64-fedora-clang | 0.3.0 | 137.91 | OK | |||
r-devel-linux-x86_64-fedora-gcc | 0.3.0 | 148.91 | OK | |||
r-devel-windows-x86_64 | 0.3.0 | 8.00 | 94.00 | 102.00 | NOTE | |
r-patched-linux-x86_64 | 0.3.0 | 7.23 | 78.79 | 86.02 | NOTE | |
r-release-linux-x86_64 | 0.3.0 | 6.81 | 78.56 | 85.37 | NOTE | |
r-release-macos-arm64 | 0.3.0 | 49.00 | OK | |||
r-release-macos-x86_64 | 0.3.0 | 94.00 | OK | |||
r-release-windows-x86_64 | 0.3.0 | 8.00 | 96.00 | 104.00 | NOTE | |
r-oldrel-macos-arm64 | 0.3.0 | 47.00 | OK | |||
r-oldrel-macos-x86_64 | 0.3.0 | 74.00 | OK | |||
r-oldrel-windows-x86_64 | 0.3.0 | 10.00 | 115.00 | 125.00 | OK |
Version: 0.3.0
Check: CRAN incoming feasibility
Result: NOTE
Maintainer: ‘Jue (Marquis) Hou <hou00123@umn.edu>’
No Authors@R field in DESCRIPTION.
Please add one, modifying
Authors@R: c(person(given = "Jue",
family = "Hou",
role = "aut",
comment = "Marquis"),
person(given = "Evan",
family = "Ren",
role = "aut"),
person(given = "Jue",
family = "Hou",
role = "cre",
email = "hou00123@umn.edu",
comment = "Marquis"))
as necessary.
Flavors: r-devel-linux-x86_64-debian-clang, r-devel-linux-x86_64-debian-gcc
Version: 0.3.0
Check: Rd cross-references
Result: NOTE
Found the following Rd file(s) with Rd \link{} targets missing package
anchors:
Survcure.Rd: Surv
Please provide package anchors for all Rd \link{} targets not in the
package itself and the base packages.
Flavors: r-devel-linux-x86_64-debian-clang, r-devel-linux-x86_64-debian-gcc, r-devel-windows-x86_64, r-patched-linux-x86_64, r-release-linux-x86_64, r-release-windows-x86_64