CRAN Package Check Results for Package cureplots

Last updated on 2025-05-07 03:50:57 CEST.

Flavor Version Tinstall Tcheck Ttotal Status Flags
r-devel-linux-x86_64-debian-clang 1.1.1 1.79 25.44 27.23 NOTE
r-devel-linux-x86_64-debian-gcc 1.1.1 1.37 19.95 21.32 NOTE
r-devel-linux-x86_64-fedora-clang 1.1.1 39.81 NOTE
r-devel-linux-x86_64-fedora-gcc 1.1.1 38.79 NOTE
r-devel-windows-x86_64 1.1.1 4.00 44.00 48.00 NOTE
r-patched-linux-x86_64 1.1.1 1.84 22.97 24.81 NOTE
r-release-linux-x86_64 1.1.1 1.82 22.90 24.72 NOTE
r-release-macos-arm64 1.1.1 19.00 NOTE
r-release-macos-x86_64 1.1.1 27.00 NOTE
r-release-windows-x86_64 1.1.1 4.00 46.00 50.00 NOTE
r-oldrel-macos-arm64 1.1.1 18.00 OK
r-oldrel-macos-x86_64 1.1.1 28.00 OK
r-oldrel-windows-x86_64 1.1.1 4.00 53.00 57.00 OK

Check Details

Version: 1.1.1
Check: DESCRIPTION meta-information
Result: NOTE Missing dependency on R >= 4.1.0 because package code uses the pipe |> or function shorthand \(...) syntax added in R 4.1.0. File(s) using such syntax: ‘create_cure_dataframe.R’ ‘cure_plot.R’ ‘resample_residuals.R’ Flavors: r-devel-linux-x86_64-debian-clang, r-devel-linux-x86_64-debian-gcc, r-devel-linux-x86_64-fedora-clang, r-devel-linux-x86_64-fedora-gcc, r-devel-windows-x86_64, r-patched-linux-x86_64, r-release-linux-x86_64, r-release-macos-arm64, r-release-macos-x86_64, r-release-windows-x86_64