Last updated on 2025-10-30 02:48:59 CET.
| Flavor | Version | Tinstall | Tcheck | Ttotal | Status | Flags | 
|---|---|---|---|---|---|---|
| r-devel-linux-x86_64-debian-clang | 1.1 | 8.17 | 63.36 | 71.53 | NOTE | |
| r-devel-linux-x86_64-debian-gcc | 1.1 | 6.47 | 46.97 | 53.44 | NOTE | |
| r-devel-linux-x86_64-fedora-clang | 1.1 | 17.00 | 92.74 | 109.74 | OK | |
| r-devel-linux-x86_64-fedora-gcc | 1.1 | 17.00 | 86.12 | 103.12 | OK | |
| r-devel-windows-x86_64 | 1.1 | 10.00 | 74.00 | 84.00 | OK | |
| r-patched-linux-x86_64 | 1.1 | 8.86 | 61.39 | 70.25 | OK | |
| r-release-linux-x86_64 | 1.1 | 7.09 | 60.95 | 68.04 | OK | |
| r-release-macos-arm64 | 1.1 | 4.00 | 30.00 | 34.00 | OK | |
| r-release-macos-x86_64 | 1.1 | 7.00 | 57.00 | 64.00 | OK | |
| r-release-windows-x86_64 | 1.1 | 10.00 | 77.00 | 87.00 | OK | |
| r-oldrel-macos-arm64 | 1.1 | 4.00 | 29.00 | 33.00 | OK | |
| r-oldrel-macos-x86_64 | 1.1 | 5.00 | 45.00 | 50.00 | OK | |
| r-oldrel-windows-x86_64 | 1.1 | 12.00 | 88.00 | 100.00 | OK | 
Version: 1.1
Check: CRAN incoming feasibility
Result: NOTE
  Maintainer: ‘Eva Koritakova <koritakova@iba.muni.cz>’
  
  No Authors@R field in DESCRIPTION.
  Please add one, modifying
    Authors@R: c(person(given = "Eva",
                        family = "Koritakova",
                        role = c("aut", "cre"),
                        email = "koritakova@iba.muni.cz",
                        comment = c(ROR = "Janousova")),
                 person(given = "Tomas",
                        family = "Pavlik",
                        role = "aut"),
                 person(given = "Jiri",
                        family = "Mayer",
                        role = "aut"),
                 person(given = "Ladislav",
                        family = "Dusek",
                        role = "aut"))
  as necessary.
Flavors: r-devel-linux-x86_64-debian-clang, r-devel-linux-x86_64-debian-gcc