Last updated on 2025-05-06 03:51:00 CEST.
Flavor | Version | Tinstall | Tcheck | Ttotal | Status | Flags |
---|---|---|---|---|---|---|
r-devel-linux-x86_64-debian-clang | 0.4.1 | 12.62 | 81.54 | 94.16 | NOTE | |
r-devel-linux-x86_64-debian-gcc | 0.4.1 | 9.26 | 58.38 | 67.64 | NOTE | |
r-devel-linux-x86_64-fedora-clang | 0.4.1 | 152.94 | NOTE | |||
r-devel-linux-x86_64-fedora-gcc | 0.4.1 | 161.26 | NOTE | |||
r-devel-windows-x86_64 | 0.4.1 | 14.00 | 104.00 | 118.00 | NOTE | |
r-patched-linux-x86_64 | 0.4.1 | 12.52 | 77.01 | 89.53 | NOTE | |
r-release-linux-x86_64 | 0.4.1 | 11.67 | 75.83 | 87.50 | NOTE | |
r-release-macos-arm64 | 0.4.1 | 58.00 | NOTE | |||
r-release-macos-x86_64 | 0.4.1 | 90.00 | NOTE | |||
r-release-windows-x86_64 | 0.4.1 | 17.00 | 107.00 | 124.00 | NOTE | |
r-oldrel-macos-arm64 | 0.4.1 | 48.00 | NOTE | |||
r-oldrel-macos-x86_64 | 0.4.1 | 72.00 | NOTE | |||
r-oldrel-windows-x86_64 | 0.4.1 | 16.00 | 126.00 | 142.00 | NOTE |
Version: 0.4.1
Check: C++ specification
Result: NOTE
Specified C++11: please drop specification unless essential
Flavors: r-devel-linux-x86_64-debian-clang, r-devel-linux-x86_64-debian-gcc, r-devel-linux-x86_64-fedora-clang, r-devel-linux-x86_64-fedora-gcc, r-devel-windows-x86_64, r-patched-linux-x86_64, r-release-linux-x86_64, r-release-macos-arm64, r-release-macos-x86_64, r-release-windows-x86_64, r-oldrel-macos-arm64, r-oldrel-macos-x86_64, r-oldrel-windows-x86_64