Last updated on 2025-05-07 03:50:57 CEST.
Flavor | Version | Tinstall | Tcheck | Ttotal | Status | Flags |
---|---|---|---|---|---|---|
r-devel-linux-x86_64-debian-clang | 0.0.5 | 3.57 | 34.57 | 38.14 | NOTE | |
r-devel-linux-x86_64-debian-gcc | 0.0.5 | 2.67 | 26.11 | 28.78 | NOTE | |
r-devel-linux-x86_64-fedora-clang | 0.0.5 | 57.65 | NOTE | |||
r-devel-linux-x86_64-fedora-gcc | 0.0.5 | 54.52 | NOTE | |||
r-devel-windows-x86_64 | 0.0.5 | 5.00 | 51.00 | 56.00 | NOTE | |
r-patched-linux-x86_64 | 0.0.5 | 3.59 | 31.43 | 35.02 | NOTE | |
r-release-linux-x86_64 | 0.0.5 | 3.53 | 31.37 | 34.90 | NOTE | |
r-release-macos-arm64 | 0.0.5 | 27.00 | NOTE | |||
r-release-macos-x86_64 | 0.0.5 | 42.00 | NOTE | |||
r-release-windows-x86_64 | 0.0.5 | 6.00 | 51.00 | 57.00 | NOTE | |
r-oldrel-macos-arm64 | 0.0.5 | 24.00 | OK | |||
r-oldrel-macos-x86_64 | 0.0.5 | 53.00 | OK | |||
r-oldrel-windows-x86_64 | 0.0.5 | 6.00 | 58.00 | 64.00 | OK |
Version: 0.0.5
Check: DESCRIPTION meta-information
Result: NOTE
Missing dependency on R >= 4.1.0 because package code uses the pipe
|> or function shorthand \(...) syntax added in R 4.1.0.
File(s) using such syntax:
‘drwho_directors.Rd’ ‘drwho_episodes.Rd’ ‘drwho_writers.Rd’
‘torchwood_directors.Rd’ ‘torchwood_episodes.Rd’
‘torchwood_writers.Rd’
Flavors: r-devel-linux-x86_64-debian-clang, r-devel-linux-x86_64-debian-gcc, r-devel-linux-x86_64-fedora-clang, r-devel-linux-x86_64-fedora-gcc, r-devel-windows-x86_64, r-patched-linux-x86_64, r-release-linux-x86_64, r-release-macos-arm64, r-release-macos-x86_64, r-release-windows-x86_64