Last updated on 2025-05-06 03:51:00 CEST.
Flavor | Version | Tinstall | Tcheck | Ttotal | Status | Flags |
---|---|---|---|---|---|---|
r-devel-linux-x86_64-debian-clang | 2.18.6 | 10.22 | 142.27 | 152.49 | NOTE | |
r-devel-linux-x86_64-debian-gcc | 2.18.6 | 6.62 | 101.46 | 108.08 | NOTE | |
r-devel-linux-x86_64-fedora-clang | 2.18.6 | 231.43 | OK | |||
r-devel-linux-x86_64-fedora-gcc | 2.18.6 | 266.84 | OK | |||
r-devel-windows-x86_64 | 2.18.6 | 13.00 | 205.00 | 218.00 | OK | |
r-patched-linux-x86_64 | 2.18.6 | 14.29 | 133.46 | 147.75 | OK | |
r-release-linux-x86_64 | 2.18.6 | 9.25 | 133.52 | 142.77 | OK | |
r-release-macos-arm64 | 2.18.6 | 120.00 | OK | |||
r-release-macos-x86_64 | 2.18.6 | 213.00 | OK | |||
r-release-windows-x86_64 | 2.18.6 | 14.00 | 196.00 | 210.00 | OK | |
r-oldrel-macos-arm64 | 2.18.6 | 87.00 | OK | |||
r-oldrel-macos-x86_64 | 2.18.6 | 137.00 | OK | |||
r-oldrel-windows-x86_64 | 2.18.6 | 17.00 | 228.00 | 245.00 | OK |
Version: 2.18.6
Check: CRAN incoming feasibility
Result: NOTE
Maintainer: ‘AJ Alon <api-maintainer@datarobot.com>’
No Authors@R field in DESCRIPTION.
Please add one, modifying
Authors@R: c(person(given = "Ron",
family = "Pearson",
role = "aut"),
person(given = "Zachary",
family = "Deane-Mayer",
role = "aut"),
person(given = "David",
family = "Chudzicki",
role = "aut"),
person(given = "Dallin",
family = "Akagi",
role = "aut"),
person(given = "Sergey",
family = "Yurgenson",
role = "aut"),
person(given = c("Thakur", "Raj"),
family = "Anand",
role = "aut"),
person(given = "Peter",
family = "Hurford",
role = "aut"),
person(given = "Chester",
family = "Ismay",
role = "aut"),
person(given = "AJ",
family = "Alon",
role = c("aut", "cre"),
email = "api-maintainer@datarobot.com"),
person(given = "Andrew",
family = "Watson",
role = "aut"),
person(given = "Gregory",
family = "Williams",
role = "aut"),
person(given = "Anastasiia",
family = "Tamazlykar",
role = "ctb"),
person(given = "Mykhailo",
family = "Poliakov",
role = "ctb"),
person(family = "DataRobot"),
person(family = "Inc.",
role = "cph"))
as necessary.
Flavors: r-devel-linux-x86_64-debian-clang, r-devel-linux-x86_64-debian-gcc