Last updated on 2025-10-31 02:50:29 CET.
| Flavor | Version | Tinstall | Tcheck | Ttotal | Status | Flags | 
|---|---|---|---|---|---|---|
| r-devel-linux-x86_64-debian-clang | 0.0-22 | 3.07 | 49.60 | 52.67 | NOTE | |
| r-devel-linux-x86_64-debian-gcc | 0.0-22 | 2.23 | 34.44 | 36.67 | NOTE | |
| r-devel-linux-x86_64-fedora-clang | 0.0-22 | 82.38 | NOTE | |||
| r-devel-linux-x86_64-fedora-gcc | 0.0-22 | 77.90 | NOTE | |||
| r-devel-windows-x86_64 | 0.0-22 | 4.00 | 70.00 | 74.00 | NOTE | |
| r-patched-linux-x86_64 | 0.0-22 | 4.29 | 47.73 | 52.02 | NOTE | |
| r-release-linux-x86_64 | 0.0-22 | 3.32 | 46.01 | 49.33 | NOTE | |
| r-release-macos-arm64 | 0.0-22 | 1.00 | 22.00 | 23.00 | NOTE | |
| r-release-macos-x86_64 | 0.0-22 | 2.00 | 62.00 | 64.00 | NOTE | |
| r-release-windows-x86_64 | 0.0-22 | 5.00 | 72.00 | 77.00 | NOTE | |
| r-oldrel-macos-arm64 | 0.0-22 | 2.00 | 20.00 | 22.00 | NOTE | |
| r-oldrel-macos-x86_64 | 0.0-22 | 3.00 | 34.00 | 37.00 | NOTE | |
| r-oldrel-windows-x86_64 | 0.0-22 | 6.00 | 82.00 | 88.00 | NOTE | 
Version: 0.0-22
Check: CRAN incoming feasibility
Result: NOTE
  Maintainer: ‘Rolf Turner <r.turner@auckland.ac.nz>’
  
  No Authors@R field in DESCRIPTION.
  Please add one, modifying
    Authors@R: person(given = "Rolf",
                      family = "Turner",
                      role = c("aut", "cre"),
                      email = "r.turner@auckland.ac.nz")
  as necessary.
Flavors: r-devel-linux-x86_64-debian-clang, r-devel-linux-x86_64-debian-gcc
Version: 0.0-22
Check: Rd files
Result: NOTE
  checkRd: (-1) plot.mleBb.Rd:48: Lost braces
      48 |   \ code{size} is extracted from argument \code{x}.
         |         ^
Flavors: r-devel-linux-x86_64-debian-clang, r-devel-linux-x86_64-debian-gcc, r-devel-linux-x86_64-fedora-clang, r-devel-linux-x86_64-fedora-gcc, r-devel-windows-x86_64, r-patched-linux-x86_64, r-release-linux-x86_64, r-release-macos-arm64, r-release-macos-x86_64, r-release-windows-x86_64, r-oldrel-macos-arm64, r-oldrel-macos-x86_64, r-oldrel-windows-x86_64