Last updated on 2025-05-04 03:50:51 CEST.
Flavor | Version | Tinstall | Tcheck | Ttotal | Status | Flags |
---|---|---|---|---|---|---|
r-devel-linux-x86_64-debian-clang | 0.0-22 | 3.29 | 46.43 | 49.72 | NOTE | |
r-devel-linux-x86_64-debian-gcc | 0.0-22 | 2.30 | 31.98 | 34.28 | NOTE | |
r-devel-linux-x86_64-fedora-clang | 0.0-22 | 79.86 | NOTE | |||
r-devel-linux-x86_64-fedora-gcc | 0.0-22 | 78.39 | NOTE | |||
r-devel-windows-x86_64 | 0.0-22 | 3.00 | 84.00 | 87.00 | NOTE | |
r-patched-linux-x86_64 | 0.0-22 | 4.23 | 44.94 | 49.17 | NOTE | |
r-release-linux-x86_64 | NOTE | |||||
r-release-macos-arm64 | 0.0-22 | 23.00 | NOTE | |||
r-release-macos-x86_64 | 0.0-22 | 64.00 | NOTE | |||
r-release-windows-x86_64 | 0.0-22 | 5.00 | 71.00 | 76.00 | NOTE | |
r-oldrel-macos-arm64 | 0.0-22 | 22.00 | NOTE | |||
r-oldrel-macos-x86_64 | 0.0-22 | 37.00 | NOTE | |||
r-oldrel-windows-x86_64 | 0.0-22 | 4.00 | 81.00 | 85.00 | NOTE |
Version: 0.0-22
Check: CRAN incoming feasibility
Result: NOTE
Maintainer: ‘Rolf Turner <r.turner@auckland.ac.nz>’
No Authors@R field in DESCRIPTION.
Please add one, modifying
Authors@R: person(given = "Rolf",
family = "Turner",
role = c("aut", "cre"),
email = "r.turner@auckland.ac.nz")
as necessary.
Flavors: r-devel-linux-x86_64-debian-clang, r-devel-linux-x86_64-debian-gcc
Version: 0.0-22
Check: Rd files
Result: NOTE
checkRd: (-1) plot.mleBb.Rd:48: Lost braces
48 | \ code{size} is extracted from argument \code{x}.
| ^
Flavors: r-devel-linux-x86_64-debian-clang, r-devel-linux-x86_64-debian-gcc, r-devel-linux-x86_64-fedora-clang, r-devel-linux-x86_64-fedora-gcc, r-devel-windows-x86_64, r-patched-linux-x86_64, r-release-linux-x86_64, r-release-macos-arm64, r-release-macos-x86_64, r-release-windows-x86_64, r-oldrel-macos-arm64, r-oldrel-macos-x86_64, r-oldrel-windows-x86_64