Last updated on 2025-05-06 03:51:00 CEST.
Flavor | Version | Tinstall | Tcheck | Ttotal | Status | Flags |
---|---|---|---|---|---|---|
r-devel-linux-x86_64-debian-clang | 0.1.0 | 5.97 | 55.80 | 61.77 | NOTE | |
r-devel-linux-x86_64-debian-gcc | 0.1.0 | 5.22 | 42.46 | 47.68 | NOTE | |
r-devel-linux-x86_64-fedora-clang | 0.1.0 | 102.00 | OK | |||
r-devel-linux-x86_64-fedora-gcc | 0.1.0 | 93.13 | OK | |||
r-devel-windows-x86_64 | 0.1.0 | 8.00 | 65.00 | 73.00 | OK | |
r-patched-linux-x86_64 | 0.1.0 | 4.85 | 59.52 | 64.37 | OK | |
r-release-linux-x86_64 | 0.1.0 | 6.46 | 53.65 | 60.11 | OK | |
r-release-macos-arm64 | 0.1.0 | 31.00 | OK | |||
r-release-macos-x86_64 | 0.1.0 | 52.00 | OK | |||
r-release-windows-x86_64 | 0.1.0 | 7.00 | 64.00 | 71.00 | OK | |
r-oldrel-macos-arm64 | 0.1.0 | 29.00 | NOTE | |||
r-oldrel-macos-x86_64 | 0.1.0 | 42.00 | NOTE | |||
r-oldrel-windows-x86_64 | 0.1.0 | 8.00 | 78.00 | 86.00 | NOTE |
Version: 0.1.0
Check: CRAN incoming feasibility
Result: NOTE
Maintainer: ‘Nailong Zhang <setseed2016@gmail.com>’
No Authors@R field in DESCRIPTION.
Please add one, modifying
Authors@R: person(given = "Nailong",
family = "Zhang",
role = c("aut", "cre"),
email = "setseed2016@gmail.com")
as necessary.
Flavors: r-devel-linux-x86_64-debian-clang, r-devel-linux-x86_64-debian-gcc
Version: 0.1.0
Check: LazyData
Result: NOTE
'LazyData' is specified without a 'data' directory
Flavors: r-oldrel-macos-arm64, r-oldrel-macos-x86_64, r-oldrel-windows-x86_64