Last updated on 2025-05-04 03:50:51 CEST.
Flavor | Version | Tinstall | Tcheck | Ttotal | Status | Flags |
---|---|---|---|---|---|---|
r-devel-linux-x86_64-debian-clang | 1.2.0 | 4.67 | 44.69 | 49.36 | NOTE | |
r-devel-linux-x86_64-debian-gcc | 1.2.0 | 2.89 | 33.15 | 36.04 | NOTE | |
r-devel-linux-x86_64-fedora-clang | 1.2.0 | 74.60 | OK | |||
r-devel-linux-x86_64-fedora-gcc | 1.2.0 | 75.68 | OK | |||
r-devel-windows-x86_64 | 1.2.0 | 6.00 | 73.00 | 79.00 | OK | |
r-patched-linux-x86_64 | 1.2.0 | 4.02 | 42.87 | 46.89 | OK | |
r-release-linux-x86_64 | OK | |||||
r-release-macos-arm64 | 1.2.0 | 25.00 | OK | |||
r-release-macos-x86_64 | 1.2.0 | 60.00 | OK | |||
r-release-windows-x86_64 | 1.2.0 | 6.00 | 61.00 | 67.00 | OK | |
r-oldrel-macos-arm64 | 1.2.0 | 23.00 | OK | |||
r-oldrel-macos-x86_64 | 1.2.0 | 34.00 | OK | |||
r-oldrel-windows-x86_64 | 1.2.0 | 6.00 | 72.00 | 78.00 | OK |
Version: 1.2.0
Check: CRAN incoming feasibility
Result: NOTE
Maintainer: ‘Gokmen Altay <altaylabs@gmail.com>’
No Authors@R field in DESCRIPTION.
Please add one, modifying
Authors@R: person(given = "Gokmen",
family = "Altay",
role = c("aut", "cre"),
email = "altaylabs@gmail.com")
as necessary.
Flavors: r-devel-linux-x86_64-debian-clang, r-devel-linux-x86_64-debian-gcc