Last updated on 2025-05-04 03:50:51 CEST.
Flavor | Version | Tinstall | Tcheck | Ttotal | Status | Flags |
---|---|---|---|---|---|---|
r-devel-linux-x86_64-debian-clang | 1.0.4 | 3.89 | 34.45 | 38.34 | NOTE | |
r-devel-linux-x86_64-debian-gcc | 1.0.4 | 3.42 | 25.16 | 28.58 | NOTE | |
r-devel-linux-x86_64-fedora-clang | 1.0.4 | 58.83 | NOTE | |||
r-devel-linux-x86_64-fedora-gcc | 1.0.4 | 55.45 | NOTE | |||
r-devel-windows-x86_64 | 1.0.4 | 6.00 | 58.00 | 64.00 | NOTE | |
r-patched-linux-x86_64 | 1.0.4 | 4.38 | 29.99 | 34.37 | NOTE | |
r-release-linux-x86_64 | NOTE | |||||
r-release-macos-arm64 | 1.0.4 | 27.00 | NOTE | |||
r-release-macos-x86_64 | 1.0.4 | 40.00 | NOTE | |||
r-release-windows-x86_64 | 1.0.4 | 6.00 | 53.00 | 59.00 | NOTE | |
r-oldrel-macos-arm64 | 1.0.4 | 21.00 | NOTE | |||
r-oldrel-macos-x86_64 | 1.0.4 | 30.00 | NOTE | |||
r-oldrel-windows-x86_64 | 1.0.4 | 7.00 | 58.00 | 65.00 | NOTE |
Version: 1.0.4
Check: CRAN incoming feasibility
Result: NOTE
Maintainer: ‘Rajesh Balakirshnan <rajeshbalakrishnan24@gmail.com>’
No Authors@R field in DESCRIPTION.
Please add one, modifying
Authors@R: c(person(given = "Rajesh",
family = "Balakrishnan",
role = "aut"),
person(given = "Rajesh",
family = "Balakirshnan",
role = "cre",
email = "rajeshbalakrishnan24@gmail.com"))
as necessary.
Flavors: r-devel-linux-x86_64-debian-clang, r-devel-linux-x86_64-debian-gcc
Version: 1.0.4
Check: package subdirectories
Result: NOTE
Problems with news in ‘NEWS.md’:
No news entries found.
Flavors: r-devel-linux-x86_64-debian-clang, r-devel-linux-x86_64-debian-gcc, r-devel-linux-x86_64-fedora-clang, r-devel-linux-x86_64-fedora-gcc, r-devel-windows-x86_64, r-patched-linux-x86_64, r-release-linux-x86_64, r-release-macos-arm64, r-release-macos-x86_64, r-release-windows-x86_64, r-oldrel-macos-arm64, r-oldrel-macos-x86_64, r-oldrel-windows-x86_64
Version: 1.0.4
Check: Rd cross-references
Result: NOTE
Found the following Rd file(s) with Rd \link{} targets missing package
anchors:
deepforest.Rd: rpart.control
deeptree.Rd: rpart.control
Please provide package anchors for all Rd \link{} targets not in the
package itself and the base packages.
Flavors: r-devel-linux-x86_64-debian-clang, r-devel-linux-x86_64-debian-gcc, r-devel-windows-x86_64, r-patched-linux-x86_64, r-release-linux-x86_64, r-release-windows-x86_64