Last updated on 2025-05-06 03:51:00 CEST.
Flavor | Version | Tinstall | Tcheck | Ttotal | Status | Flags |
---|---|---|---|---|---|---|
r-devel-linux-x86_64-debian-clang | 1.0-0 | 20.43 | 146.92 | 167.35 | NOTE | |
r-devel-linux-x86_64-debian-gcc | 1.0-0 | 14.68 | 107.31 | 121.99 | NOTE | |
r-devel-linux-x86_64-fedora-clang | 1.0-0 | 286.52 | NOTE | |||
r-devel-linux-x86_64-fedora-gcc | 1.0-0 | 253.28 | NOTE | |||
r-devel-windows-x86_64 | 1.0-0 | 21.00 | 148.00 | 169.00 | NOTE | |
r-patched-linux-x86_64 | 1.0-0 | 20.10 | 137.16 | 157.26 | NOTE | |
r-release-linux-x86_64 | 1.0-0 | 19.69 | 139.16 | 158.85 | NOTE | |
r-release-macos-arm64 | 1.0-0 | 79.00 | NOTE | |||
r-release-macos-x86_64 | 1.0-0 | 128.00 | NOTE | |||
r-release-windows-x86_64 | 1.0-0 | 22.00 | 148.00 | 170.00 | NOTE | |
r-oldrel-macos-arm64 | 1.0-0 | 63.00 | OK | |||
r-oldrel-macos-x86_64 | 1.0-0 | 90.00 | OK | |||
r-oldrel-windows-x86_64 | 1.0-0 | 28.00 | 185.00 | 213.00 | OK |
Version: 1.0-0
Check: DESCRIPTION meta-information
Result: NOTE
Missing dependency on R >= 4.1.0 because package code uses the pipe
|> or function shorthand \(...) syntax added in R 4.1.0.
File(s) using such syntax:
‘deeptrafo.Rd’ ‘ensembles.R’ ‘methods.R’
Flavors: r-devel-linux-x86_64-debian-clang, r-devel-linux-x86_64-debian-gcc, r-devel-linux-x86_64-fedora-clang, r-devel-linux-x86_64-fedora-gcc, r-devel-windows-x86_64, r-patched-linux-x86_64, r-release-linux-x86_64, r-release-macos-arm64, r-release-windows-x86_64
Version: 1.0-0
Check: DESCRIPTION meta-information
Result: NOTE
Missing dependency on R >= 4.1.0 because package code uses the pipe
|> or function shorthand \(...) syntax added in R 4.1.0.
File(s) using such syntax:
‘ensembles.R’ ‘methods.R’
Flavor: r-release-macos-x86_64