Last updated on 2025-05-04 03:50:51 CEST.
Flavor | Version | Tinstall | Tcheck | Ttotal | Status | Flags |
---|---|---|---|---|---|---|
r-devel-linux-x86_64-debian-clang | 2.1 | 2.09 | 32.76 | 34.85 | NOTE | |
r-devel-linux-x86_64-debian-gcc | 2.1 | 1.54 | 24.50 | 26.04 | NOTE | |
r-devel-linux-x86_64-fedora-clang | 2.1 | 53.62 | OK | |||
r-devel-linux-x86_64-fedora-gcc | 2.1 | 65.26 | OK | |||
r-devel-windows-x86_64 | 2.1 | 3.00 | 68.00 | 71.00 | OK | |
r-patched-linux-x86_64 | 2.1 | 2.01 | 30.92 | 32.93 | OK | |
r-release-linux-x86_64 | OK | |||||
r-release-macos-arm64 | 2.1 | 26.00 | OK | |||
r-release-macos-x86_64 | 2.1 | 49.00 | OK | |||
r-release-windows-x86_64 | 2.1 | 3.00 | 60.00 | 63.00 | OK | |
r-oldrel-macos-arm64 | 2.1 | 25.00 | OK | |||
r-oldrel-macos-x86_64 | 2.1 | 39.00 | OK | |||
r-oldrel-windows-x86_64 | 2.1 | 4.00 | 66.00 | 70.00 | OK |
Version: 2.1
Check: CRAN incoming feasibility
Result: NOTE
Maintainer: ‘Max Kuhn <mxkuhn@gmail.com>’
No Authors@R field in DESCRIPTION.
Please add one, modifying
Authors@R: person(given = "Max",
family = "Kuhn",
role = c("aut", "cre"),
email = "mxkuhn@gmail.com")
as necessary.
Flavors: r-devel-linux-x86_64-debian-clang, r-devel-linux-x86_64-debian-gcc