Last updated on 2025-05-06 03:51:00 CEST.
Flavor | Version | Tinstall | Tcheck | Ttotal | Status | Flags |
---|---|---|---|---|---|---|
r-devel-linux-x86_64-debian-clang | 2.0.1 | 18.61 | 34.08 | 52.69 | NOTE | |
r-devel-linux-x86_64-debian-gcc | 2.0.1 | 13.68 | 26.99 | 40.67 | NOTE | |
r-devel-linux-x86_64-fedora-clang | 2.0.1 | 90.44 | NOTE | |||
r-devel-linux-x86_64-fedora-gcc | 2.0.1 | 89.49 | NOTE | |||
r-devel-windows-x86_64 | 2.0.1 | 25.00 | 77.00 | 102.00 | NOTE | |
r-patched-linux-x86_64 | 2.0.1 | 18.80 | 32.13 | 50.93 | NOTE | |
r-release-linux-x86_64 | 2.0.1 | 17.15 | 31.77 | 48.92 | NOTE | |
r-release-macos-arm64 | 2.0.1 | 30.00 | NOTE | |||
r-release-macos-x86_64 | 2.0.1 | 50.00 | NOTE | |||
r-release-windows-x86_64 | 2.0.1 | 25.00 | 79.00 | 104.00 | NOTE | |
r-oldrel-macos-arm64 | 2.0.1 | 28.00 | NOTE | |||
r-oldrel-macos-x86_64 | 2.0.1 | 39.00 | NOTE | |||
r-oldrel-windows-x86_64 | 2.0.1 | 29.00 | 85.00 | 114.00 | NOTE |
Version: 2.0.1
Check: C++ specification
Result: NOTE
Specified C++11: please drop specification unless essential
Flavors: r-devel-linux-x86_64-debian-clang, r-devel-linux-x86_64-debian-gcc, r-devel-linux-x86_64-fedora-clang, r-devel-linux-x86_64-fedora-gcc, r-devel-windows-x86_64, r-patched-linux-x86_64, r-release-linux-x86_64, r-release-macos-arm64, r-release-macos-x86_64, r-release-windows-x86_64, r-oldrel-macos-arm64, r-oldrel-macos-x86_64, r-oldrel-windows-x86_64