Last updated on 2025-10-31 02:50:29 CET.
| Flavor | Version | Tinstall | Tcheck | Ttotal | Status | Flags | 
|---|---|---|---|---|---|---|
| r-devel-linux-x86_64-debian-clang | 2.6.0 | 19.41 | 102.51 | 121.92 | OK | |
| r-devel-linux-x86_64-debian-gcc | 2.6.0 | 11.97 | 70.38 | 82.35 | OK | |
| r-devel-linux-x86_64-fedora-clang | 2.6.0 | 39.00 | 153.75 | 192.75 | OK | |
| r-devel-linux-x86_64-fedora-gcc | 2.6.0 | 85.00 | 130.62 | 215.62 | OK | |
| r-devel-windows-x86_64 | 2.6.0 | 20.00 | 108.00 | 128.00 | OK | |
| r-patched-linux-x86_64 | 2.6.0 | 18.36 | 98.57 | 116.93 | OK | |
| r-release-linux-x86_64 | 2.6.0 | 18.86 | 96.72 | 115.58 | OK | |
| r-release-macos-arm64 | 2.6.0 | 7.00 | 45.00 | 52.00 | OK | |
| r-release-macos-x86_64 | 2.6.0 | 18.00 | 108.00 | 126.00 | OK | |
| r-release-windows-x86_64 | 2.6.0 | 22.00 | 105.00 | 127.00 | OK | |
| r-oldrel-macos-arm64 | 2.6.0 | 9.00 | 81.00 | 90.00 | OK | |
| r-oldrel-macos-x86_64 | 2.6.0 | 18.00 | 105.00 | 123.00 | OK | |
| r-oldrel-windows-x86_64 | 2.6.0 | 26.00 | 187.00 | 213.00 | ERROR | 
Version: 2.6.0
Check: re-building of vignette outputs
Result: ERROR
  Error(s) in re-building vignettes:
  --- re-building 'dgpsi.Rmd' using rmarkdown
  File ./images/step_fct_loo.png not found in resource path
  Error: processing vignette 'dgpsi.Rmd' failed with diagnostics:
  pandoc document conversion failed with error 99
  --- failed re-building 'dgpsi.Rmd'
  
  SUMMARY: processing the following file failed:
    'dgpsi.Rmd'
  
  Error: Vignette re-building failed.
  Execution halted
Flavor: r-oldrel-windows-x86_64