CRAN Package Check Results for Package distTails

Last updated on 2025-07-25 03:51:21 CEST.

Flavor Version Tinstall Tcheck Ttotal Status Flags
r-devel-linux-x86_64-debian-clang 0.1.2 1.30 18.85 20.15 OK
r-devel-linux-x86_64-debian-gcc 0.1.2 1.56 15.46 17.02 OK
r-devel-linux-x86_64-fedora-clang 0.1.2 31.89 OK
r-devel-linux-x86_64-fedora-gcc 0.1.2 30.65 OK
r-devel-windows-x86_64 0.1.2 3.00 49.00 52.00 OK
r-patched-linux-x86_64 0.1.2 1.41 17.84 19.25 OK
r-release-linux-x86_64 0.1.2 1.80 17.77 19.57 OK
r-release-macos-arm64 0.1.2 16.00 OK
r-release-macos-x86_64 0.1.2 23.00 OK
r-release-windows-x86_64 0.1.2 3.00 42.00 45.00 OK
r-oldrel-macos-arm64 0.1.2 15.00 NOTE
r-oldrel-macos-x86_64 0.1.2 20.00 NOTE
r-oldrel-windows-x86_64 0.1.2 3.00 44.00 47.00 NOTE

Check Details

Version: 0.1.2
Check: LazyData
Result: NOTE 'LazyData' is specified without a 'data' directory Flavors: r-oldrel-macos-arm64, r-oldrel-macos-x86_64, r-oldrel-windows-x86_64