Last updated on 2025-05-06 03:51:00 CEST.
Flavor | Version | Tinstall | Tcheck | Ttotal | Status | Flags |
---|---|---|---|---|---|---|
r-devel-linux-x86_64-debian-clang | 0.5.0 | 110.88 | 109.27 | 220.15 | OK | |
r-devel-linux-x86_64-debian-gcc | 0.5.0 | 89.60 | 75.72 | 165.32 | OK | |
r-devel-linux-x86_64-fedora-clang | 0.6.0 | 455.14 | OK | |||
r-devel-linux-x86_64-fedora-gcc | 0.6.0 | 484.68 | OK | |||
r-devel-windows-x86_64 | 0.6.0 | 122.00 | 151.00 | 273.00 | OK | |
r-patched-linux-x86_64 | 0.5.0 | 123.61 | 103.04 | 226.65 | OK | |
r-release-linux-x86_64 | 0.5.0 | 115.56 | 102.91 | 218.47 | OK | |
r-release-macos-arm64 | 0.6.0 | 68.00 | OK | |||
r-release-macos-x86_64 | 0.6.0 | 119.00 | OK | |||
r-release-windows-x86_64 | 0.5.0 | 130.00 | 134.00 | 264.00 | OK | |
r-oldrel-macos-arm64 | 0.6.0 | 84.00 | NOTE | |||
r-oldrel-macos-x86_64 | 0.6.0 | 122.00 | NOTE | |||
r-oldrel-windows-x86_64 | 0.5.0 | 160.00 | 167.00 | 327.00 | NOTE |
Version: 0.6.0
Check: package dependencies
Result: NOTE
Package suggested but not available for checking: ‘BOLTSSIRR’
Flavors: r-oldrel-macos-arm64, r-oldrel-macos-x86_64
Version: 0.6.0
Check: installed package size
Result: NOTE
installed size is 10.8Mb
sub-directories of 1Mb or more:
libs 10.1Mb
Flavors: r-oldrel-macos-arm64, r-oldrel-macos-x86_64
Version: 0.5.0
Check: package dependencies
Result: NOTE
Package suggested but not available for checking: 'BOLTSSIRR'
Flavor: r-oldrel-windows-x86_64