Last updated on 2025-05-06 03:51:00 CEST.
Flavor | Version | Tinstall | Tcheck | Ttotal | Status | Flags |
---|---|---|---|---|---|---|
r-devel-linux-x86_64-debian-clang | 0.6.3 | 26.86 | 278.50 | 305.36 | NOTE | |
r-devel-linux-x86_64-debian-gcc | 0.6.3 | 17.07 | 182.83 | 199.90 | NOTE | |
r-devel-linux-x86_64-fedora-clang | 0.6.3 | 516.44 | OK | |||
r-devel-linux-x86_64-fedora-gcc | 0.6.3 | 503.98 | OK | |||
r-devel-windows-x86_64 | 0.6.3 | 38.00 | 305.00 | 343.00 | NOTE | |
r-patched-linux-x86_64 | 0.6.3 | 27.12 | 259.72 | 286.84 | NOTE | |
r-release-linux-x86_64 | 0.6.3 | 28.20 | 265.88 | 294.08 | NOTE | |
r-release-macos-arm64 | 0.6.3 | 157.00 | OK | |||
r-release-macos-x86_64 | 0.6.3 | 277.00 | OK | |||
r-release-windows-x86_64 | 0.6.3 | 36.00 | 299.00 | 335.00 | NOTE | |
r-oldrel-macos-arm64 | 0.6.3 | 158.00 | OK | |||
r-oldrel-macos-x86_64 | 0.6.3 | 211.00 | OK | |||
r-oldrel-windows-x86_64 | 0.6.3 | 47.00 | 407.00 | 454.00 | OK |
Version: 0.6.3
Check: Rd cross-references
Result: NOTE
Found the following Rd file(s) with Rd \link{} targets missing package
anchors:
compare_category.data.frame.Rd: tbl_df
compare_numeric.data.frame.Rd: tbl_df
correlate.data.frame.Rd: grouped_df
describe.data.frame.Rd: tbl_df, grouped_df, group_by
describe.tbl_dbi.Rd: group_by
diagnose.data.frame.Rd: tbl_df, grouped_df
diagnose_category.data.frame.Rd: tbl_df, grouped_df
diagnose_numeric.data.frame.Rd: tbl_df, grouped_df
diagnose_outlier.data.frame.Rd: tbl_df, grouped_df
diagnose_paged_report.data.frame.Rd: tbl_df
diagnose_report.data.frame.Rd: tbl_df
diagnose_sparese.data.frame.Rd: tbl_df
diagnose_web_report.data.frame.Rd: tbl_df
eda_paged_report.data.frame.Rd: tbl_df
eda_report.data.frame.Rd: tbl_df
eda_web_report.data.frame.Rd: tbl_df
find_na.Rd: tbl_df
find_outliers.Rd: tbl_df
find_skewness.Rd: tbl_df
imputate_na.Rd: tbl_df
imputate_outlier.Rd: tbl_df
normality.data.frame.Rd: tbl_df, group_by
normality.tbl_dbi.Rd: group_by
overview.Rd: tbl_df
plot_bar_category.data.frame.Rd: tbl_df, grouped_df
plot_box_numeric.data.frame.Rd: tbl_df, grouped_df
plot_correlate.data.frame.Rd: tbl_df
plot_hist_numeric.data.frame.Rd: tbl_df, grouped_df
plot_normality.data.frame.Rd: tbl_df
plot_outlier.data.frame.Rd: tbl_df
plot_qq_numeric.data.frame.Rd: tbl_df, grouped_df
target_by.data.frame.Rd: tbl_df, grouped_df
target_by.tbl_dbi.Rd: grouped_df
transformation_paged_report.Rd: tbl_df
transformation_report.Rd: tbl_df
transformation_web_report.Rd: tbl_df
univar_category.data.frame.Rd: tbl_df
univar_numeric.data.frame.Rd: tbl_df
Please provide package anchors for all Rd \link{} targets not in the
package itself and the base packages.
Flavors: r-devel-linux-x86_64-debian-clang, r-devel-linux-x86_64-debian-gcc, r-devel-windows-x86_64, r-patched-linux-x86_64, r-release-linux-x86_64, r-release-windows-x86_64