Last updated on 2025-05-06 03:51:00 CEST.
Flavor | Version | Tinstall | Tcheck | Ttotal | Status | Flags |
---|---|---|---|---|---|---|
r-devel-linux-x86_64-debian-clang | 0.2.1 | 65.40 | 24.26 | 89.66 | NOTE | |
r-devel-linux-x86_64-debian-gcc | 0.2.1 | 45.83 | 19.39 | 65.22 | NOTE | |
r-devel-linux-x86_64-fedora-clang | 0.2.1 | 180.70 | OK | |||
r-devel-linux-x86_64-fedora-gcc | 0.2.1 | 192.41 | OK | |||
r-devel-windows-x86_64 | 0.2.1 | 71.00 | 59.00 | 130.00 | OK | |
r-patched-linux-x86_64 | 0.2.1 | 64.00 | 23.32 | 87.32 | OK | |
r-release-linux-x86_64 | 0.2.1 | 63.25 | 23.03 | 86.28 | OK | |
r-release-macos-arm64 | 0.2.1 | 45.00 | OK | |||
r-release-macos-x86_64 | 0.2.1 | 44.00 | OK | |||
r-release-windows-x86_64 | 0.2.1 | 74.00 | 61.00 | 135.00 | OK | |
r-oldrel-macos-arm64 | 0.2.1 | 44.00 | NOTE | |||
r-oldrel-macos-x86_64 | 0.2.1 | 47.00 | NOTE | |||
r-oldrel-windows-x86_64 | 0.2.1 | 70.00 | 69.00 | 139.00 | NOTE |
Version: 0.2.1
Check: CRAN incoming feasibility
Result: NOTE
Maintainer: ‘Jiayue Zeng <zengjiayue@126.com>’
Package CITATION file contains call(s) to old-style personList() or
as.personList(). Please use c() on person objects instead.
Package CITATION file contains call(s) to old-style citEntry(). Please
use bibentry() instead.
Flavors: r-devel-linux-x86_64-debian-clang, r-devel-linux-x86_64-debian-gcc
Version: 0.2.1
Check: LazyData
Result: NOTE
'LazyData' is specified without a 'data' directory
Flavors: r-oldrel-macos-arm64, r-oldrel-macos-x86_64, r-oldrel-windows-x86_64