CRAN Package Check Results for Package docuSignr

Last updated on 2025-05-06 03:51:00 CEST.

Flavor Version Tinstall Tcheck Ttotal Status Flags
r-devel-linux-x86_64-debian-clang 0.0.3 1.97 23.13 25.10 NOTE
r-devel-linux-x86_64-debian-gcc 0.0.3 1.61 18.86 20.47 NOTE
r-devel-linux-x86_64-fedora-clang 0.0.3 37.70 OK
r-devel-linux-x86_64-fedora-gcc 0.0.3 35.43 OK
r-devel-windows-x86_64 0.0.3 3.00 44.00 47.00 OK
r-patched-linux-x86_64 0.0.3 2.15 21.41 23.56 OK
r-release-linux-x86_64 0.0.3 1.90 21.25 23.15 OK
r-release-macos-arm64 0.0.3 20.00 OK
r-release-macos-x86_64 0.0.3 28.00 OK
r-release-windows-x86_64 0.0.3 3.00 45.00 48.00 OK
r-oldrel-macos-arm64 0.0.3 17.00 NOTE
r-oldrel-macos-x86_64 0.0.3 26.00 NOTE
r-oldrel-windows-x86_64 0.0.3 4.00 48.00 52.00 NOTE

Check Details

Version: 0.0.3
Check: CRAN incoming feasibility
Result: NOTE Maintainer: ‘Carl Ganz <carl@cannadatasolutions.com>’ Found the following (possibly) invalid file URIs: URI: CONDUCT.md From: README.md URI: CONTRIBUTE.md From: README.md Flavors: r-devel-linux-x86_64-debian-clang, r-devel-linux-x86_64-debian-gcc

Version: 0.0.3
Check: LazyData
Result: NOTE 'LazyData' is specified without a 'data' directory Flavors: r-oldrel-macos-arm64, r-oldrel-macos-x86_64, r-oldrel-windows-x86_64