Last updated on 2025-05-06 03:51:00 CEST.
Flavor | Version | Tinstall | Tcheck | Ttotal | Status | Flags |
---|---|---|---|---|---|---|
r-devel-linux-x86_64-debian-clang | 0.3.1 | 1.81 | 19.29 | 21.10 | NOTE | |
r-devel-linux-x86_64-debian-gcc | 0.3.1 | 1.38 | 15.79 | 17.17 | NOTE | |
r-devel-linux-x86_64-fedora-clang | 0.3.1 | 32.76 | OK | |||
r-devel-linux-x86_64-fedora-gcc | 0.3.1 | 30.87 | OK | |||
r-devel-windows-x86_64 | 0.3.1 | 4.00 | 43.00 | 47.00 | OK | |
r-patched-linux-x86_64 | 0.3.1 | 1.99 | 18.57 | 20.56 | OK | |
r-release-linux-x86_64 | 0.3.1 | 1.67 | 18.43 | 20.10 | OK | |
r-release-macos-arm64 | 0.3.1 | 23.00 | OK | |||
r-release-macos-x86_64 | 0.3.1 | 25.00 | OK | |||
r-release-windows-x86_64 | 0.3.1 | 4.00 | 43.00 | 47.00 | OK | |
r-oldrel-macos-arm64 | 0.3.1 | 15.00 | OK | |||
r-oldrel-macos-x86_64 | 0.3.1 | 21.00 | OK | |||
r-oldrel-windows-x86_64 | 0.3.1 | 3.00 | 45.00 | 48.00 | OK |
Version: 0.3.1
Check: CRAN incoming feasibility
Result: NOTE
Maintainer: ‘Nick Elprin <nick@dominodatalab.com>’
No Authors@R field in DESCRIPTION.
Please add one, modifying
Authors@R: c(person(given = "Jacek",
family = "Glodek",
role = "aut",
email = "jacek@theiterators.com"),
person(given = "Nick",
family = "Elprin",
role = "cre",
email = "nick@dominodatalab.com"))
as necessary.
Found the following \keyword or \concept entries
which likely give several index terms:
File ‘domino-package.Rd’:
\keyword{domino,}
\keyword{package,}
Flavors: r-devel-linux-x86_64-debian-clang, r-devel-linux-x86_64-debian-gcc