CRAN Package Check Results for Package doseSens

Last updated on 2025-07-24 03:49:57 CEST.

Flavor Version Tinstall Tcheck Ttotal Status Flags
r-devel-linux-x86_64-debian-clang 0.1.0 4.88 48.25 53.13 NOTE
r-devel-linux-x86_64-debian-gcc 0.1.0 3.00 33.81 36.81 NOTE
r-devel-linux-x86_64-fedora-clang 0.1.0 86.11 OK
r-devel-linux-x86_64-fedora-gcc 0.1.0 81.26 OK
r-devel-windows-x86_64 0.1.0 6.00 63.00 69.00 OK
r-patched-linux-x86_64 0.1.0 4.27 44.65 48.92 OK
r-release-linux-x86_64 0.1.0 3.13 45.00 48.13 OK
r-release-macos-arm64 0.1.0 29.00 OK
r-release-macos-x86_64 0.1.0 52.00 OK
r-release-windows-x86_64 0.1.0 7.00 65.00 72.00 OK
r-oldrel-macos-arm64 0.1.0 25.00 NOTE
r-oldrel-macos-x86_64 0.1.0 38.00 NOTE
r-oldrel-windows-x86_64 0.1.0 8.00 75.00 83.00 NOTE

Check Details

Version: 0.1.0
Check: CRAN incoming feasibility
Result: NOTE Maintainer: ‘Jeffrey Zhang <jzhang17@wharton.upenn.edu>’ The Description field contains outcomes as described in Zhang, Small, Heng (2024) <arXiv:2401.06909>. Please refer to arXiv e-prints via their arXiv DOI <doi:10.48550/arXiv.YYMM.NNNNN>. Flavors: r-devel-linux-x86_64-debian-clang, r-devel-linux-x86_64-debian-gcc

Version: 0.1.0
Check: package dependencies
Result: NOTE Package suggested but not available for checking: ‘gurobi’ Flavors: r-oldrel-macos-arm64, r-oldrel-macos-x86_64, r-oldrel-windows-x86_64