Last updated on 2025-10-31 02:50:29 CET.
| Flavor | Version | Tinstall | Tcheck | Ttotal | Status | Flags | 
|---|---|---|---|---|---|---|
| r-devel-linux-x86_64-debian-clang | 1.0.1 | 18.21 | 122.31 | 140.52 | NOTE | |
| r-devel-linux-x86_64-debian-gcc | 1.0.1 | 11.56 | 81.98 | 93.54 | NOTE | |
| r-devel-linux-x86_64-fedora-clang | 1.0.1 | 38.00 | 180.27 | 218.27 | NOTE | |
| r-devel-linux-x86_64-fedora-gcc | 1.0.1 | 37.00 | 167.85 | 204.85 | NOTE | |
| r-devel-windows-x86_64 | 1.0.1 | 18.00 | 125.00 | 143.00 | NOTE | |
| r-patched-linux-x86_64 | 1.0.1 | 18.64 | 113.40 | 132.04 | NOTE | |
| r-release-linux-x86_64 | 1.0.1 | 15.93 | 114.04 | 129.97 | NOTE | |
| r-release-macos-arm64 | 1.0.1 | 7.00 | 45.00 | 52.00 | NOTE | |
| r-release-macos-x86_64 | 1.0.1 | 21.00 | 91.00 | 112.00 | NOTE | |
| r-release-windows-x86_64 | 1.0.1 | 18.00 | 125.00 | 143.00 | NOTE | |
| r-oldrel-macos-arm64 | 1.0.1 | 7.00 | 45.00 | 52.00 | NOTE | |
| r-oldrel-macos-x86_64 | 1.0.1 | 17.00 | 77.00 | 94.00 | NOTE | |
| r-oldrel-windows-x86_64 | 1.0.1 | 26.00 | 164.00 | 190.00 | NOTE | 
Version: 1.0.1
Check: CRAN incoming feasibility
Result: NOTE
  Maintainer: ‘Andrea Onofri <andrea.onofri@unipg.it>’
  
  No Authors@R field in DESCRIPTION.
  Please add one, modifying
    Authors@R: person(given = "Andrea",
                      family = "Onofri",
                      role = c("aut", "cre"),
                      email = "andrea.onofri@unipg.it")
  as necessary.
Flavors: r-devel-linux-x86_64-debian-clang, r-devel-linux-x86_64-debian-gcc
Version: 1.0.1
Check: Rd files
Result: NOTE
  checkRd: (-1) excalibur.Rd:18: Lost braces; missing escapes or markup?
      18 |     \item{\code{GR}}{a numeric vector: germination rates in d^{-1}}
         |                                                               ^
  checkRd: (-1) festuca.Rd:16: Lost braces; missing escapes or markup?
      16 |     \item{\code{GR}}{a numeric vector: germination rates in d^{-1}}
         |                                                               ^
Flavors: r-devel-linux-x86_64-debian-clang, r-devel-linux-x86_64-debian-gcc, r-devel-linux-x86_64-fedora-clang, r-devel-linux-x86_64-fedora-gcc, r-devel-windows-x86_64, r-patched-linux-x86_64, r-release-linux-x86_64, r-release-macos-arm64, r-release-macos-x86_64, r-release-windows-x86_64, r-oldrel-macos-arm64, r-oldrel-macos-x86_64, r-oldrel-windows-x86_64