Last updated on 2025-10-30 02:49:00 CET.
| Flavor | Version | Tinstall | Tcheck | Ttotal | Status | Flags | 
|---|---|---|---|---|---|---|
| r-devel-linux-x86_64-debian-clang | 0.1.1 | 2.50 | 52.94 | 55.44 | NOTE | |
| r-devel-linux-x86_64-debian-gcc | 0.1.1 | 1.77 | 39.31 | 41.08 | NOTE | |
| r-devel-linux-x86_64-fedora-clang | 0.1.1 | 88.47 | NOTE | |||
| r-devel-linux-x86_64-fedora-gcc | 0.1.1 | 102.14 | NOTE | |||
| r-devel-windows-x86_64 | 0.1.1 | 3.00 | 105.00 | 108.00 | NOTE | |
| r-patched-linux-x86_64 | 0.1.1 | 2.73 | 52.01 | 54.74 | NOTE | |
| r-release-linux-x86_64 | 0.1.1 | 2.29 | 51.56 | 53.85 | NOTE | |
| r-release-macos-arm64 | 0.1.1 | 1.00 | 39.00 | 40.00 | NOTE | |
| r-release-macos-x86_64 | 0.1.1 | 2.00 | 67.00 | 69.00 | NOTE | |
| r-release-windows-x86_64 | 0.1.1 | 5.00 | 105.00 | 110.00 | NOTE | |
| r-oldrel-macos-arm64 | 0.1.1 | 1.00 | 35.00 | 36.00 | NOTE | |
| r-oldrel-macos-x86_64 | 0.1.1 | 2.00 | 51.00 | 53.00 | NOTE | |
| r-oldrel-windows-x86_64 | 0.1.1 | 5.00 | 121.00 | 126.00 | NOTE | 
Version: 0.1.1
Check: Rd files
Result: NOTE
  checkRd: (-1) applied_crm.Rd:64: Lost braces; missing escapes or markup?
      64 | The empiric model is specified as F(d, beta) = d^{exp(beta)}. The logistic model is
         |                                                  ^
Flavors: r-devel-linux-x86_64-debian-clang, r-devel-linux-x86_64-debian-gcc, r-devel-linux-x86_64-fedora-clang, r-devel-linux-x86_64-fedora-gcc, r-devel-windows-x86_64, r-patched-linux-x86_64, r-release-linux-x86_64, r-release-macos-arm64, r-release-macos-x86_64, r-release-windows-x86_64, r-oldrel-macos-arm64, r-oldrel-macos-x86_64, r-oldrel-windows-x86_64
Version: 0.1.1
Check: LazyData
Result: NOTE
    'LazyData' is specified without a 'data' directory
Flavors: r-oldrel-macos-arm64, r-oldrel-macos-x86_64, r-oldrel-windows-x86_64