CRAN Package Check Results for Package duke

Last updated on 2025-07-04 03:50:24 CEST.

Flavor Version Tinstall Tcheck Ttotal Status Flags
r-devel-linux-x86_64-debian-clang 0.0.3 4.70 129.19 133.89 NOTE
r-devel-linux-x86_64-debian-gcc 0.0.3 3.29 92.82 96.11 NOTE
r-devel-linux-x86_64-fedora-clang 0.0.3 193.93 NOTE
r-devel-linux-x86_64-fedora-gcc 0.0.3 203.98 NOTE
r-devel-windows-x86_64 0.0.3 7.00 111.00 118.00 NOTE
r-patched-linux-x86_64 0.0.3 4.31 122.19 126.50 NOTE
r-release-linux-x86_64 0.0.3 4.01 123.42 127.43 NOTE
r-release-macos-arm64 0.0.3 79.00 NOTE
r-release-macos-x86_64 0.0.3 109.00 NOTE
r-release-windows-x86_64 0.0.3 7.00 110.00 117.00 NOTE
r-oldrel-macos-arm64 0.0.3 55.00 OK
r-oldrel-macos-x86_64 0.0.3 86.00 OK
r-oldrel-windows-x86_64 0.0.3 9.00 139.00 148.00 OK

Check Details

Version: 0.0.3
Check: DESCRIPTION meta-information
Result: NOTE Missing dependency on R >= 4.1.0 because package code uses the pipe |> or function shorthand \(...) syntax added in R 4.1.0. File(s) using such syntax: ‘scale_duke_color_discrete.Rd’ ‘scale_duke_fill_discrete.Rd’ Flavors: r-devel-linux-x86_64-debian-clang, r-devel-linux-x86_64-debian-gcc, r-devel-linux-x86_64-fedora-clang, r-devel-linux-x86_64-fedora-gcc, r-devel-windows-x86_64, r-patched-linux-x86_64, r-release-linux-x86_64, r-release-macos-arm64, r-release-macos-x86_64, r-release-windows-x86_64