Last updated on 2025-05-07 03:50:59 CEST.
Flavor | Version | Tinstall | Tcheck | Ttotal | Status | Flags |
---|---|---|---|---|---|---|
r-devel-linux-x86_64-debian-clang | 0.1.3 | 2.10 | 48.04 | 50.14 | NOTE | |
r-devel-linux-x86_64-debian-gcc | 0.1.3 | 1.49 | 38.56 | 40.05 | NOTE | |
r-devel-linux-x86_64-fedora-clang | 0.1.3 | 76.75 | OK | |||
r-devel-linux-x86_64-fedora-gcc | 0.1.3 | 75.35 | OK | |||
r-devel-windows-x86_64 | 0.1.3 | 3.00 | 75.00 | 78.00 | OK | |
r-patched-linux-x86_64 | 0.1.3 | 1.88 | 46.17 | 48.05 | OK | |
r-release-linux-x86_64 | 0.1.3 | 1.54 | 45.19 | 46.73 | OK | |
r-release-macos-arm64 | 0.1.3 | 31.00 | OK | |||
r-release-macos-x86_64 | 0.1.3 | 82.00 | OK | |||
r-release-windows-x86_64 | 0.1.3 | 3.00 | 83.00 | 86.00 | OK | |
r-oldrel-macos-arm64 | 0.1.3 | 25.00 | OK | |||
r-oldrel-macos-x86_64 | 0.1.3 | 46.00 | OK | |||
r-oldrel-windows-x86_64 | 0.1.3 | 4.00 | 89.00 | 93.00 | OK |
Version: 0.1.3
Check: CRAN incoming feasibility
Result: NOTE
Maintainer: ‘Yiqi Tang <ytang22@ncsu.edu>’
No Authors@R field in DESCRIPTION.
Please add one, modifying
Authors@R: c(person(given = "Yiqi",
family = "Tang",
role = c("aut", "cre"),
email = "ytang22@ncsu.edu"),
person(given = "Ryan",
family = "Martin",
role = "aut"))
as necessary.
The Description field contains
(2019) <arXiv:1903.00961>.
Please refer to arXiv e-prints via their arXiv DOI <doi:10.48550/arXiv.YYMM.NNNNN>.
Flavors: r-devel-linux-x86_64-debian-clang, r-devel-linux-x86_64-debian-gcc