Last updated on 2025-05-04 03:50:52 CEST.
Flavor | Version | Tinstall | Tcheck | Ttotal | Status | Flags |
---|---|---|---|---|---|---|
r-devel-linux-x86_64-debian-clang | 1.1-17 | 9.19 | 103.42 | 112.61 | NOTE | |
r-devel-linux-x86_64-debian-gcc | 1.1-18 | 8.55 | 79.99 | 88.54 | OK | |
r-devel-linux-x86_64-fedora-clang | 1.1-18 | 199.98 | OK | |||
r-devel-linux-x86_64-fedora-gcc | 1.1-18 | 184.09 | OK | |||
r-devel-windows-x86_64 | 1.1-18 | 18.00 | 126.00 | 144.00 | OK | |
r-patched-linux-x86_64 | 1.1-18 | 10.93 | 105.65 | 116.58 | OK | |
r-release-linux-x86_64 | OK | |||||
r-release-macos-arm64 | 1.1-18 | 56.00 | OK | |||
r-release-macos-x86_64 | 1.1-18 | 129.00 | OK | |||
r-release-windows-x86_64 | 1.1-18 | 15.00 | 130.00 | 145.00 | OK | |
r-oldrel-macos-arm64 | 1.1-18 | 64.00 | OK | |||
r-oldrel-macos-x86_64 | 1.1-18 | 118.00 | OK | |||
r-oldrel-windows-x86_64 | 1.1-18 | 20.00 | 156.00 | 176.00 | OK |
Version: 1.1-17
Check: CRAN incoming feasibility
Result: NOTE
Maintainer: ‘Marcelino de la Cruz Rot <marcelino.delacruz@urjc.es>’
No Authors@R field in DESCRIPTION.
Please add one, modifying
Authors@R: c(person(given = c("Marcelino", "de", "la", "Cruz"),
family = "Rot",
role = c("aut", "cre"),
email = "marcelino.delacruz@urjc.es"),
person(given = c("with", "contributions", "of", "Philip", "M."),
family = "Dixon",
role = "aut"),
person(given = c("Jose", "M."),
family = "Blanco-Moreno",
role = "aut"))
as necessary.
Package CITATION file contains call(s) to old-style personList() or
as.personList(). Please use c() on person objects instead.
Package CITATION file contains call(s) to old-style citEntry(). Please
use bibentry() instead.
Flavor: r-devel-linux-x86_64-debian-clang