Last updated on 2025-10-30 02:49:00 CET.
| Flavor | Version | Tinstall | Tcheck | Ttotal | Status | Flags | 
|---|---|---|---|---|---|---|
| r-devel-linux-x86_64-debian-clang | 4.0.1 | 3.16 | 35.09 | 38.25 | NOTE | |
| r-devel-linux-x86_64-debian-gcc | 4.0.1 | 2.07 | 25.73 | 27.80 | NOTE | |
| r-devel-linux-x86_64-fedora-clang | 4.0.1 | 58.20 | OK | |||
| r-devel-linux-x86_64-fedora-gcc | 4.0.1 | 70.10 | OK | |||
| r-devel-windows-x86_64 | 4.0.1 | 4.00 | 49.00 | 53.00 | OK | |
| r-patched-linux-x86_64 | 4.0.1 | 2.83 | 32.49 | 35.32 | OK | |
| r-release-linux-x86_64 | 4.0.1 | 3.26 | 32.21 | 35.47 | OK | |
| r-release-macos-arm64 | 4.0.1 | 2.00 | 24.00 | 26.00 | OK | |
| r-release-macos-x86_64 | 4.0.1 | 3.00 | 47.00 | 50.00 | OK | |
| r-release-windows-x86_64 | 4.0.1 | 5.00 | 50.00 | 55.00 | OK | |
| r-oldrel-macos-arm64 | 4.0.1 | 2.00 | 21.00 | 23.00 | OK | |
| r-oldrel-macos-x86_64 | 4.0.1 | 2.00 | 38.00 | 40.00 | OK | |
| r-oldrel-windows-x86_64 | 4.0.1 | 5.00 | 59.00 | 64.00 | OK | 
Version: 4.0.1
Check: CRAN incoming feasibility
Result: NOTE
  Maintainer: ‘Jennifer Hurley <hurlej2@rpi.edu>’
  
  Package CITATION file contains call(s) to old-style personList() or
  as.personList().  Please use c() on person objects instead.
  Package CITATION file contains call(s) to old-style citEntry().  Please
  use bibentry() instead.
Flavors: r-devel-linux-x86_64-debian-clang, r-devel-linux-x86_64-debian-gcc