Last updated on 2025-05-06 03:51:01 CEST.
Flavor | Version | Tinstall | Tcheck | Ttotal | Status | Flags |
---|---|---|---|---|---|---|
r-devel-linux-x86_64-debian-clang | 0.1.1-10 | 4.24 | 31.71 | 35.95 | NOTE | |
r-devel-linux-x86_64-debian-gcc | 0.1.1-10 | 3.49 | 22.97 | 26.46 | NOTE | |
r-devel-linux-x86_64-fedora-clang | 0.1.1-10 | 57.46 | NOTE | |||
r-devel-linux-x86_64-fedora-gcc | 0.1.1-10 | 54.95 | NOTE | |||
r-devel-windows-x86_64 | 0.1.1-10 | 6.00 | 50.00 | 56.00 | NOTE | |
r-patched-linux-x86_64 | 0.1.1-10 | 4.23 | 29.77 | 34.00 | NOTE | |
r-release-linux-x86_64 | 0.1.1-10 | 4.90 | 29.64 | 34.54 | NOTE | |
r-release-macos-arm64 | 0.1.1-10 | 20.00 | NOTE | |||
r-release-macos-x86_64 | 0.1.1-10 | 34.00 | NOTE | |||
r-release-windows-x86_64 | 0.1.1-10 | 5.00 | 50.00 | 55.00 | NOTE | |
r-oldrel-macos-arm64 | 0.1.1-10 | 18.00 | NOTE | |||
r-oldrel-macos-x86_64 | 0.1.1-10 | 27.00 | NOTE | |||
r-oldrel-windows-x86_64 | 0.1.1-10 | 5.00 | 55.00 | 60.00 | NOTE |
Version: 0.1.1-10
Check: Rd files
Result: NOTE
checkRd: (-1) ecolRxC.Rd:161-166: Lost braces in \itemize; meant \describe ?
checkRd: (-1) ecolRxC.Rd:167-175: Lost braces in \itemize; meant \describe ?
checkRd: (-1) ecolRxC.Rd:176-178: Lost braces in \itemize; meant \describe ?
checkRd: (-1) ecolRxC.Rd:179-185: Lost braces in \itemize; meant \describe ?
checkRd: (-1) ecolRxC.Rd:186-192: Lost braces in \itemize; meant \describe ?
checkRd: (-1) ecolRxC.Rd:193-201: Lost braces in \itemize; meant \describe ?
checkRd: (-1) ecolRxC.Rd:202-208: Lost braces in \itemize; meant \describe ?
checkRd: (-1) ecolRxC.Rd:209-216: Lost braces in \itemize; meant \describe ?
checkRd: (-1) ecolRxC.Rd:217-221: Lost braces in \itemize; meant \describe ?
Flavors: r-devel-linux-x86_64-debian-clang, r-devel-linux-x86_64-debian-gcc, r-devel-linux-x86_64-fedora-clang, r-devel-linux-x86_64-fedora-gcc, r-devel-windows-x86_64, r-patched-linux-x86_64, r-release-linux-x86_64, r-release-macos-arm64, r-release-macos-x86_64, r-release-windows-x86_64, r-oldrel-macos-arm64, r-oldrel-macos-x86_64, r-oldrel-windows-x86_64