Last updated on 2025-05-04 03:50:52 CEST.
Flavor | Version | Tinstall | Tcheck | Ttotal | Status | Flags |
---|---|---|---|---|---|---|
r-devel-linux-x86_64-debian-clang | 1.2.9 | 15.41 | 70.53 | 85.94 | NOTE | |
r-devel-linux-x86_64-debian-gcc | 1.2.9 | 8.59 | 47.21 | 55.80 | NOTE | |
r-devel-linux-x86_64-fedora-clang | 1.2.9 | 136.95 | OK | |||
r-devel-linux-x86_64-fedora-gcc | 1.2.9 | 143.99 | OK | |||
r-devel-windows-x86_64 | 1.2.9 | 13.00 | 93.00 | 106.00 | OK | |
r-patched-linux-x86_64 | 1.2.9 | 15.54 | 66.65 | 82.19 | OK | |
r-release-linux-x86_64 | OK | |||||
r-release-macos-arm64 | 1.2.9 | 37.00 | OK | |||
r-release-macos-x86_64 | 1.2.9 | 69.00 | OK | |||
r-release-windows-x86_64 | 1.2.9 | 15.00 | 84.00 | 99.00 | OK | |
r-oldrel-macos-arm64 | 1.2.9 | 33.00 | OK | |||
r-oldrel-macos-x86_64 | 1.2.9 | 59.00 | OK | |||
r-oldrel-windows-x86_64 | 1.2.9 | 14.00 | 103.00 | 117.00 | OK |
Version: 1.2.9
Check: CRAN incoming feasibility
Result: NOTE
Maintainer: ‘Nele Schuwirth <nele.schuwirth@eawag.ch>’
No Authors@R field in DESCRIPTION.
Please add one, modifying
Authors@R: c(person(given = "Nele",
family = "Schuwirth",
role = c("aut", "cre"),
email = "nele.schuwirth@eawag.ch"),
person(given = c("Peter", "Reichert", "with", "contributions", "by", "Simone"),
family = "Langhans",
role = "aut",
email = "peter.reichert@eawag.ch"),
person(given = "Christian",
family = "Michel",
role = "aut"))
as necessary.
Flavors: r-devel-linux-x86_64-debian-clang, r-devel-linux-x86_64-debian-gcc