Last updated on 2025-05-06 03:51:01 CEST.
Flavor | Version | Tinstall | Tcheck | Ttotal | Status | Flags |
---|---|---|---|---|---|---|
r-devel-linux-x86_64-debian-clang | 3.1.3 | 10.07 | 24.70 | 34.77 | NOTE | |
r-devel-linux-x86_64-debian-gcc | 3.1.3 | 7.49 | 19.89 | 27.38 | NOTE | |
r-devel-linux-x86_64-fedora-clang | 3.1.3 | 58.81 | OK | |||
r-devel-linux-x86_64-fedora-gcc | 3.1.3 | 60.75 | OK | |||
r-devel-windows-x86_64 | 3.1.3 | 14.00 | 63.00 | 77.00 | OK | |
r-patched-linux-x86_64 | 3.1.3 | 10.53 | 22.85 | 33.38 | OK | |
r-release-linux-x86_64 | 3.1.3 | 10.87 | 22.70 | 33.57 | OK | |
r-release-macos-arm64 | 3.1.3 | 26.00 | OK | |||
r-release-macos-x86_64 | 3.1.3 | 37.00 | OK | |||
r-release-windows-x86_64 | 3.1.3 | 15.00 | 61.00 | 76.00 | OK | |
r-oldrel-macos-arm64 | 3.1.3 | 24.00 | OK | |||
r-oldrel-macos-x86_64 | 3.1.3 | 33.00 | OK | |||
r-oldrel-windows-x86_64 | 3.1.3 | 15.00 | 69.00 | 84.00 | OK |
Version: 3.1.3
Check: CRAN incoming feasibility
Result: NOTE
Maintainer: ‘Mehmet Hakan Satman <mhsatman@istanbul.edu.tr>’
No Authors@R field in DESCRIPTION.
Please add one, modifying
Authors@R: c(person(given = c("Mehmet", "Hakan"),
family = "Satman",
role = c("aut", "cre"),
email = "mhsatman@istanbul.edu.tr",
comment = "Ph.D."),
person(given = "Erkin",
family = "Diyarbakirlioglu",
role = "aut",
comment = "Ph.D."))
as necessary.
Flavors: r-devel-linux-x86_64-debian-clang, r-devel-linux-x86_64-debian-gcc