Last updated on 2025-05-07 03:50:59 CEST.
Flavor | Version | Tinstall | Tcheck | Ttotal | Status | Flags |
---|---|---|---|---|---|---|
r-devel-linux-x86_64-debian-clang | 1.1.3 | 3.57 | 54.01 | 57.58 | NOTE | |
r-devel-linux-x86_64-debian-gcc | 1.1.3 | 2.33 | 34.13 | 36.46 | NOTE | |
r-devel-linux-x86_64-fedora-clang | 1.1.3 | 91.17 | OK | |||
r-devel-linux-x86_64-fedora-gcc | 1.1.3 | 91.69 | OK | |||
r-devel-windows-x86_64 | 1.1.3 | 5.00 | 68.00 | 73.00 | OK | |
r-patched-linux-x86_64 | 1.1.3 | 3.51 | 50.72 | 54.23 | OK | |
r-release-linux-x86_64 | 1.1.3 | 3.55 | 51.22 | 54.77 | OK | |
r-release-macos-arm64 | 1.1.3 | 28.00 | OK | |||
r-release-macos-x86_64 | 1.1.3 | 52.00 | OK | |||
r-release-windows-x86_64 | 1.1.3 | 5.00 | 66.00 | 71.00 | OK | |
r-oldrel-macos-arm64 | 1.1.3 | 28.00 | OK | |||
r-oldrel-macos-x86_64 | 1.1.3 | 51.00 | OK | |||
r-oldrel-windows-x86_64 | 1.1.3 | 6.00 | 82.00 | 88.00 | OK |
Version: 1.1.3
Check: CRAN incoming feasibility
Result: NOTE
Maintainer: ‘Lisa Steyer <lisa.steyer@hu-berlin.de>’
No Authors@R field in DESCRIPTION.
Please add one, modifying
Authors@R: person(given = "Lisa",
family = "Steyer",
role = c("aut", "cre"),
email = "lisa.steyer@hu-berlin.de")
as necessary.
The Description field contains
<doi:10.1111/biom.13706>) and Steyer et al. (2023, <arXiv:2305.02075>).
Please refer to arXiv e-prints via their arXiv DOI <doi:10.48550/arXiv.YYMM.NNNNN>.
Flavors: r-devel-linux-x86_64-debian-clang, r-devel-linux-x86_64-debian-gcc