Last updated on 2025-05-04 03:50:52 CEST.
Flavor | Version | Tinstall | Tcheck | Ttotal | Status | Flags |
---|---|---|---|---|---|---|
r-devel-linux-x86_64-debian-clang | 0.5.0 | 2.19 | 22.96 | 25.15 | NOTE | |
r-devel-linux-x86_64-debian-gcc | 0.5.0 | 1.71 | 17.89 | 19.60 | NOTE | |
r-devel-linux-x86_64-fedora-clang | 0.5.0 | 37.77 | OK | |||
r-devel-linux-x86_64-fedora-gcc | 0.5.0 | 37.46 | OK | |||
r-devel-windows-x86_64 | 0.5.0 | 5.00 | 50.00 | 55.00 | OK | |
r-patched-linux-x86_64 | 0.5.0 | 1.97 | 20.97 | 22.94 | OK | |
r-release-linux-x86_64 | OK | |||||
r-release-macos-arm64 | 0.5.0 | 16.00 | OK | |||
r-release-macos-x86_64 | 0.5.0 | 26.00 | OK | |||
r-release-windows-x86_64 | 0.5.0 | 4.00 | 45.00 | 49.00 | OK | |
r-oldrel-macos-arm64 | 0.5.0 | 20.00 | OK | |||
r-oldrel-macos-x86_64 | 0.5.0 | 24.00 | OK | |||
r-oldrel-windows-x86_64 | 0.5.0 | 5.00 | 46.00 | 51.00 | OK |
Version: 0.5.0
Check: CRAN incoming feasibility
Result: NOTE
Maintainer: ‘Duncan Murdoch <murdoch.duncan@gmail.com>’
No Authors@R field in DESCRIPTION.
Please add one, modifying
Authors@R: c(person(given = "Duncan",
family = "Murdoch",
role = c("aut", "cre"),
email = "murdoch.duncan@gmail.com"),
person(given = c("E.", "D."),
family = "Chow",
role = "aut",
comment = "porting to R by Jesus M. Frias Celayeta"))
as necessary.
Flavors: r-devel-linux-x86_64-debian-clang, r-devel-linux-x86_64-debian-gcc