Last updated on 2025-05-07 03:50:59 CEST.
Flavor | Version | Tinstall | Tcheck | Ttotal | Status | Flags |
---|---|---|---|---|---|---|
r-devel-linux-x86_64-debian-clang | 0.3-3 | 2.69 | 16.20 | 18.89 | NOTE | |
r-devel-linux-x86_64-debian-gcc | 0.3-3 | 2.39 | 13.38 | 15.77 | NOTE | |
r-devel-linux-x86_64-fedora-clang | 0.3-3 | 29.83 | NOTE | |||
r-devel-linux-x86_64-fedora-gcc | 0.3-3 | 29.72 | NOTE | |||
r-devel-windows-x86_64 | 0.3-3 | 5.00 | 36.00 | 41.00 | OK | |
r-patched-linux-x86_64 | 0.3-3 | 2.93 | 15.70 | 18.63 | NOTE | |
r-release-linux-x86_64 | 0.3-3 | 2.91 | 15.67 | 18.58 | NOTE | |
r-release-macos-arm64 | 0.3-3 | 14.00 | NOTE | |||
r-release-macos-x86_64 | 0.3-3 | 26.00 | NOTE | |||
r-release-windows-x86_64 | 0.3-3 | 5.00 | 43.00 | 48.00 | OK | |
r-oldrel-macos-arm64 | 0.3-3 | 19.00 | NOTE | |||
r-oldrel-macos-x86_64 | 0.3-3 | 21.00 | NOTE | |||
r-oldrel-windows-x86_64 | 0.3-3 | 5.00 | 35.00 | 40.00 | OK |
Version: 0.3-3
Check: CRAN incoming feasibility
Result: NOTE
Maintainer: ‘Simon Urbanek <simon.urbanek@r-project.org>’
No Authors@R field in DESCRIPTION.
Please add one, modifying
Authors@R: c(person(given = "Simon",
family = "Urbanek",
role = c("aut", "cre"),
email = "urbanek@research.att.com"),
person(given = "Yossi",
family = "Rubner",
role = "aut"))
as necessary.
Flavors: r-devel-linux-x86_64-debian-clang, r-devel-linux-x86_64-debian-gcc
Version: 0.3-3
Check: DESCRIPTION meta-information
Result: NOTE
License stub is invalid DCF.
Flavors: r-devel-linux-x86_64-debian-clang, r-devel-linux-x86_64-debian-gcc, r-patched-linux-x86_64, r-release-linux-x86_64, r-release-macos-arm64, r-release-macos-x86_64, r-oldrel-macos-arm64, r-oldrel-macos-x86_64
Version: 0.3-3
Check: DESCRIPTION meta-information
Result: NOTE
Licence stub is invalid DCF.
Flavors: r-devel-linux-x86_64-fedora-clang, r-devel-linux-x86_64-fedora-gcc