Last updated on 2025-10-31 02:50:30 CET.
| Flavor | Version | Tinstall | Tcheck | Ttotal | Status | Flags | 
|---|---|---|---|---|---|---|
| r-devel-linux-x86_64-debian-clang | 0.4.1 | 3.43 | 79.07 | 82.50 | NOTE | |
| r-devel-linux-x86_64-debian-gcc | 0.4.1 | 2.82 | 53.59 | 56.41 | NOTE | |
| r-devel-linux-x86_64-fedora-clang | 0.4.1 | 126.67 | OK | |||
| r-devel-linux-x86_64-fedora-gcc | 0.4.1 | 136.39 | OK | |||
| r-devel-windows-x86_64 | 0.4.1 | 6.00 | 109.00 | 115.00 | OK | |
| r-patched-linux-x86_64 | 0.4.1 | 4.47 | 74.16 | 78.63 | OK | |
| r-release-linux-x86_64 | 0.4.1 | 3.18 | 74.40 | 77.58 | OK | |
| r-release-macos-arm64 | 0.4.1 | 3.00 | 44.00 | 47.00 | OK | |
| r-release-macos-x86_64 | 0.4.1 | 5.00 | 87.00 | 92.00 | OK | |
| r-release-windows-x86_64 | 0.4.1 | 7.00 | 112.00 | 119.00 | OK | |
| r-oldrel-macos-arm64 | 0.4.1 | 2.00 | 42.00 | 44.00 | OK | |
| r-oldrel-macos-x86_64 | 0.4.1 | 4.00 | 66.00 | 70.00 | OK | |
| r-oldrel-windows-x86_64 | 0.4.1 | 8.00 | 132.00 | 140.00 | OK | 
Version: 0.4.1
Check: CRAN incoming feasibility
Result: NOTE
  Maintainer: ‘Daniel Mastropietro <mastropi@uwalumni.com>’
  
  No Authors@R field in DESCRIPTION.
  Please add one, modifying
    Authors@R: person(given = "Daniel",
                      family = "Mastropietro",
                      role = c("aut", "cre"),
                      email = "mastropi@uwalumni.com")
  as necessary.
Flavors: r-devel-linux-x86_64-debian-clang, r-devel-linux-x86_64-debian-gcc