Last updated on 2025-05-06 03:51:01 CEST.
Flavor | Version | Tinstall | Tcheck | Ttotal | Status | Flags |
---|---|---|---|---|---|---|
r-devel-linux-x86_64-debian-clang | 0.5.1 | 2.02 | 23.44 | 25.46 | NOTE | |
r-devel-linux-x86_64-debian-gcc | 0.5.1 | 1.57 | 18.67 | 20.24 | NOTE | |
r-devel-linux-x86_64-fedora-clang | 0.5.1 | 38.06 | NOTE | |||
r-devel-linux-x86_64-fedora-gcc | 0.5.1 | 37.05 | NOTE | |||
r-devel-windows-x86_64 | 0.5.1 | 3.00 | 50.00 | 53.00 | NOTE | |
r-patched-linux-x86_64 | 0.5.1 | 1.75 | 21.55 | 23.30 | NOTE | |
r-release-linux-x86_64 | 0.5.1 | 1.90 | 21.34 | 23.24 | NOTE | |
r-release-macos-arm64 | 0.5.1 | 19.00 | NOTE | |||
r-release-macos-x86_64 | 0.5.1 | 28.00 | NOTE | |||
r-release-windows-x86_64 | 0.5.1 | 4.00 | 50.00 | 54.00 | NOTE | |
r-oldrel-macos-arm64 | 0.5.1 | 19.00 | OK | |||
r-oldrel-macos-x86_64 | 0.5.1 | 28.00 | OK | |||
r-oldrel-windows-x86_64 | 0.5.1 | 4.00 | 53.00 | 57.00 | OK |
Version: 0.5.1
Check: DESCRIPTION meta-information
Result: NOTE
Missing dependency on R >= 4.1.0 because package code uses the pipe
|> or function shorthand \(...) syntax added in R 4.1.0.
File(s) using such syntax:
‘dividends.R’ ‘financials.R’ ‘ipos.R’ ‘news.R’ ‘prices.R’ ‘splits.R’
Flavors: r-devel-linux-x86_64-debian-clang, r-devel-linux-x86_64-debian-gcc, r-devel-linux-x86_64-fedora-clang, r-devel-linux-x86_64-fedora-gcc, r-devel-windows-x86_64, r-patched-linux-x86_64, r-release-linux-x86_64, r-release-macos-arm64, r-release-macos-x86_64, r-release-windows-x86_64