Last updated on 2025-05-06 03:51:01 CEST.
Flavor | Version | Tinstall | Tcheck | Ttotal | Status | Flags |
---|---|---|---|---|---|---|
r-devel-linux-x86_64-debian-clang | 3.0 | 7.99 | 70.92 | 78.91 | NOTE | |
r-devel-linux-x86_64-debian-gcc | 3.0 | 5.84 | 50.71 | 56.55 | NOTE | |
r-devel-linux-x86_64-fedora-clang | 3.0 | 123.01 | OK | |||
r-devel-linux-x86_64-fedora-gcc | 3.0 | 126.99 | OK | |||
r-devel-windows-x86_64 | 3.0 | 10.00 | 81.00 | 91.00 | OK | |
r-patched-linux-x86_64 | 3.0 | 7.64 | 67.67 | 75.31 | OK | |
r-release-linux-x86_64 | 3.0 | 9.40 | 67.43 | 76.83 | OK | |
r-release-macos-arm64 | 3.0 | 35.00 | OK | |||
r-release-macos-x86_64 | 3.0 | 65.00 | OK | |||
r-release-windows-x86_64 | 3.0 | 10.00 | 83.00 | 93.00 | OK | |
r-oldrel-macos-arm64 | 3.0 | 37.00 | OK | |||
r-oldrel-macos-x86_64 | 3.0 | 51.00 | OK | |||
r-oldrel-windows-x86_64 | 3.0 | 15.00 | 99.00 | 114.00 | OK |
Version: 3.0
Check: CRAN incoming feasibility
Result: NOTE
Maintainer: ‘Emmanuel Arnhold <emmanuelarnhold@yahoo.com.br>’
No Authors@R field in DESCRIPTION.
Please add one, modifying
Authors@R: person(given = "Emmanuel",
family = "Arnhold",
role = c("aut", "cre"),
email = "emmanuelarnhold@yahoo.com.br")
as necessary.
Flavors: r-devel-linux-x86_64-debian-clang, r-devel-linux-x86_64-debian-gcc