Last updated on 2025-05-06 03:51:02 CEST.
Flavor | Version | Tinstall | Tcheck | Ttotal | Status | Flags |
---|---|---|---|---|---|---|
r-devel-linux-x86_64-debian-clang | 1.2.2 | 18.60 | 80.74 | 99.34 | NOTE | |
r-devel-linux-x86_64-debian-gcc | 1.2.2 | 13.27 | 61.80 | 75.07 | NOTE | |
r-devel-linux-x86_64-fedora-clang | 1.2.2 | 185.78 | OK | |||
r-devel-linux-x86_64-fedora-gcc | 1.2.2 | 181.71 | OK | |||
r-devel-windows-x86_64 | 1.2.2 | 21.00 | 243.00 | 264.00 | OK | |
r-patched-linux-x86_64 | 1.2.2 | 19.28 | 82.19 | 101.47 | OK | |
r-release-linux-x86_64 | 1.2.2 | 18.46 | 82.37 | 100.83 | OK | |
r-release-macos-arm64 | 1.2.2 | 50.00 | OK | |||
r-release-macos-x86_64 | 1.2.2 | 122.00 | OK | |||
r-release-windows-x86_64 | 1.2.2 | 24.00 | 238.00 | 262.00 | OK | |
r-oldrel-macos-arm64 | 1.2.2 | 42.00 | NOTE | |||
r-oldrel-macos-x86_64 | 1.2.2 | 64.00 | NOTE | |||
r-oldrel-windows-x86_64 | 1.2.2 | 23.00 | 203.00 | 226.00 | NOTE |
Version: 1.2.2
Check: CRAN incoming feasibility
Result: NOTE
Maintainer: ‘Housen Li <housen.li@outlook.com>’
The Description field contains
<arXiv:1612.07216>.
Please refer to arXiv e-prints via their arXiv DOI <doi:10.48550/arXiv.YYMM.NNNNN>.
Flavors: r-devel-linux-x86_64-debian-clang, r-devel-linux-x86_64-debian-gcc
Version: 1.2.2
Check: LazyData
Result: NOTE
'LazyData' is specified without a 'data' directory
Flavors: r-oldrel-macos-arm64, r-oldrel-macos-x86_64, r-oldrel-windows-x86_64