Last updated on 2025-05-06 03:51:02 CEST.
Flavor | Version | Tinstall | Tcheck | Ttotal | Status | Flags |
---|---|---|---|---|---|---|
r-devel-linux-x86_64-debian-clang | 0.4.0 | 1.93 | 27.39 | 29.32 | OK | |
r-devel-linux-x86_64-debian-gcc | 0.4.0 | 1.95 | 21.81 | 23.76 | OK | |
r-devel-linux-x86_64-fedora-clang | 0.4.0 | 44.45 | OK | |||
r-devel-linux-x86_64-fedora-gcc | 0.4.0 | 42.99 | OK | |||
r-devel-windows-x86_64 | 0.4.0 | 4.00 | 47.00 | 51.00 | OK | |
r-patched-linux-x86_64 | 0.4.0 | 2.53 | 24.81 | 27.34 | OK | |
r-release-linux-x86_64 | 0.4.0 | 2.59 | 24.96 | 27.55 | OK | |
r-release-macos-arm64 | 0.4.0 | 20.00 | OK | |||
r-release-macos-x86_64 | 0.4.0 | 30.00 | OK | |||
r-release-windows-x86_64 | 0.4.0 | 6.00 | 46.00 | 52.00 | OK | |
r-oldrel-macos-arm64 | 0.4.0 | 20.00 | NOTE | |||
r-oldrel-macos-x86_64 | 0.4.0 | 27.00 | NOTE | |||
r-oldrel-windows-x86_64 | 0.4.0 | 5.00 | 52.00 | 57.00 | NOTE |
Version: 0.4.0
Check: LazyData
Result: NOTE
'LazyData' is specified without a 'data' directory
Flavors: r-oldrel-macos-arm64, r-oldrel-macos-x86_64, r-oldrel-windows-x86_64