Last updated on 2025-07-27 04:50:05 CEST.
Flavor | Version | Tinstall | Tcheck | Ttotal | Status | Flags |
---|---|---|---|---|---|---|
r-devel-linux-x86_64-debian-clang | 1.0.1 | 7.84 | 73.75 | 81.59 | NOTE | |
r-devel-linux-x86_64-debian-gcc | 1.0.1 | 5.11 | 52.81 | 57.92 | NOTE | |
r-devel-linux-x86_64-fedora-clang | 1.0.1 | 123.04 | OK | |||
r-devel-linux-x86_64-fedora-gcc | 1.0.1 | 137.19 | OK | |||
r-devel-windows-x86_64 | 1.0.1 | 10.00 | 88.00 | 98.00 | OK | |
r-patched-linux-x86_64 | 1.0.1 | 7.23 | 67.26 | 74.49 | OK | |
r-release-linux-x86_64 | 1.0.1 | 5.03 | 67.47 | 72.50 | OK | |
r-release-macos-arm64 | 1.0.1 | 48.00 | OK | |||
r-release-macos-x86_64 | 1.0.1 | 73.00 | OK | |||
r-release-windows-x86_64 | 1.0.1 | 8.00 | 82.00 | 90.00 | OK | |
r-oldrel-macos-arm64 | 1.0.1 | 35.00 | OK | |||
r-oldrel-macos-x86_64 | 1.0.1 | 60.00 | OK | |||
r-oldrel-windows-x86_64 | 1.0.1 | 12.00 | 103.00 | 115.00 | OK |
Version: 1.0.1
Check: CRAN incoming feasibility
Result: NOTE
Maintainer: ‘Anders D. Sleire <sleire@gmail.com>’
No Authors@R field in DESCRIPTION.
Please add one, modifying
Authors@R: person(given = c("Anders", "D."),
family = "Sleire",
role = c("aut", "cre"),
email = "sleire@gmail.com")
as necessary.
Flavors: r-devel-linux-x86_64-debian-clang, r-devel-linux-x86_64-debian-gcc