CRAN Package Check Results for Package ewoc

Last updated on 2025-05-06 03:51:02 CEST.

Flavor Version Tinstall Tcheck Ttotal Status Flags
r-devel-linux-x86_64-debian-clang 0.3.0 7.26 60.86 68.12 NOTE
r-devel-linux-x86_64-debian-gcc 0.3.0 4.72 44.26 48.98 NOTE
r-devel-linux-x86_64-fedora-clang 0.3.0 95.06 NOTE
r-devel-linux-x86_64-fedora-gcc 0.3.0 98.38 NOTE
r-devel-windows-x86_64 0.3.0 10.00 98.00 108.00 NOTE
r-patched-linux-x86_64 0.3.0 6.73 56.90 63.63 NOTE
r-release-linux-x86_64 0.3.0 6.48 56.27 62.75 NOTE
r-release-macos-arm64 0.3.0 31.00 NOTE
r-release-macos-x86_64 0.3.0 50.00 NOTE
r-release-windows-x86_64 0.3.0 10.00 95.00 105.00 NOTE
r-oldrel-macos-arm64 0.3.0 26.00 NOTE
r-oldrel-macos-x86_64 0.3.0 50.00 NOTE
r-oldrel-windows-x86_64 0.3.0 11.00 114.00 125.00 NOTE

Check Details

Version: 0.3.0
Check: CRAN incoming feasibility
Result: NOTE Maintainer: ‘Marcio A. Diniz <marcio.diniz@cshs.org>’ No Authors@R field in DESCRIPTION. Please add one, modifying Authors@R: person(given = c("Marcio", "A."), family = "Diniz", role = c("aut", "cre"), email = "marcio.diniz@cshs.org") as necessary. Flavors: r-devel-linux-x86_64-debian-clang, r-devel-linux-x86_64-debian-gcc

Version: 0.3.0
Check: Rd files
Result: NOTE checkRd: (-1) stop_rule.Rd:20: Lost braces in \itemize; \value handles \item{}{} directly checkRd: (-1) stop_rule.Rd:21: Lost braces in \itemize; \value handles \item{}{} directly checkRd: (-1) stop_rule.Rd:22: Lost braces in \itemize; \value handles \item{}{} directly checkRd: (-1) stop_rule.Rd:23: Lost braces in \itemize; \value handles \item{}{} directly Flavors: r-devel-linux-x86_64-debian-clang, r-devel-linux-x86_64-debian-gcc, r-devel-linux-x86_64-fedora-clang, r-devel-linux-x86_64-fedora-gcc, r-devel-windows-x86_64, r-patched-linux-x86_64, r-release-linux-x86_64, r-release-macos-arm64, r-release-macos-x86_64, r-release-windows-x86_64, r-oldrel-macos-arm64, r-oldrel-macos-x86_64, r-oldrel-windows-x86_64

Version: 0.3.0
Check: dependencies in R code
Result: NOTE Namespace in Imports field not imported from: ‘parallel’ All declared Imports should be used. Flavors: r-devel-linux-x86_64-fedora-clang, r-devel-linux-x86_64-fedora-gcc

Version: 0.3.0
Check: LazyData
Result: NOTE 'LazyData' is specified without a 'data' directory Flavors: r-oldrel-macos-arm64, r-oldrel-macos-x86_64, r-oldrel-windows-x86_64