Last updated on 2025-05-04 03:50:52 CEST.
Flavor | Version | Tinstall | Tcheck | Ttotal | Status | Flags |
---|---|---|---|---|---|---|
r-devel-linux-x86_64-debian-clang | 2.3 | 4.22 | 28.43 | 32.65 | NOTE | |
r-devel-linux-x86_64-debian-gcc | 2.3 | 2.88 | 21.51 | 24.39 | NOTE | |
r-devel-linux-x86_64-fedora-clang | 2.3 | 49.52 | OK | |||
r-devel-linux-x86_64-fedora-gcc | 2.3 | 50.63 | OK | |||
r-devel-windows-x86_64 | 2.3 | 6.00 | 57.00 | 63.00 | OK | |
r-patched-linux-x86_64 | 2.3 | 4.84 | 27.09 | 31.93 | OK | |
r-release-linux-x86_64 | OK | |||||
r-release-macos-arm64 | 2.3 | 22.00 | OK | |||
r-release-macos-x86_64 | 2.3 | 34.00 | OK | |||
r-release-windows-x86_64 | 2.3 | 6.00 | 54.00 | 60.00 | OK | |
r-oldrel-macos-arm64 | 2.3 | 18.00 | OK | |||
r-oldrel-macos-x86_64 | 2.3 | 28.00 | OK | |||
r-oldrel-windows-x86_64 | 2.3 | 8.00 | 58.00 | 66.00 | OK |
Version: 2.3
Check: CRAN incoming feasibility
Result: NOTE
Maintainer: ‘Rob J Hyndman <Rob.Hyndman@monash.edu>’
No Authors@R field in DESCRIPTION.
Please add one, modifying
Authors@R: person(given = c("Rob", "J"),
family = "Hyndman",
role = c("aut", "cre"),
email = "Rob.Hyndman@monash.edu")
as necessary.
Found the following (possibly) invalid file URIs:
URI: www.exponentialsmoothing.net
From: man/expsmooth-package.Rd
URI: www.exponentialsmoothing.net
From: man/freight.Rd
Flavors: r-devel-linux-x86_64-debian-clang, r-devel-linux-x86_64-debian-gcc